Last updated on 2018-07-17 01:47:01 CEST.
Flavor | Version | Tinstall | Tcheck | Ttotal | Status | Flags |
---|---|---|---|---|---|---|
r-devel-linux-x86_64-debian-clang | 1.8.9 | 354.79 | 65.87 | 420.66 | OK | |
r-devel-linux-x86_64-debian-gcc | 1.8.9 | 289.20 | 55.62 | 344.82 | OK | |
r-devel-linux-x86_64-fedora-clang | 1.8.9 | 720.24 | NOTE | |||
r-devel-linux-x86_64-fedora-gcc | 1.8.9 | 624.15 | OK | |||
r-devel-windows-ix86+x86_64 | 1.8.9 | 1137.00 | 167.00 | 1304.00 | OK | |
r-patched-linux-x86_64 | 1.8.9 | 354.28 | 67.23 | 421.51 | OK | |
r-patched-solaris-x86 | 1.8.9 | 568.00 | OK | |||
r-release-linux-x86_64 | 1.8.9 | 353.74 | 66.13 | 419.87 | OK | |
r-release-windows-ix86+x86_64 | 1.8.9 | 1107.00 | 155.00 | 1262.00 | OK | |
r-release-osx-x86_64 | 1.8.9 | NOTE | ||||
r-oldrel-windows-ix86+x86_64 | 1.8.9 | 865.00 | 143.00 | 1008.00 | OK | |
r-oldrel-osx-x86_64 | 1.8.9 | NOTE |
Version: 1.8.9
Check: installed package size
Result: NOTE
installed size is 13.2Mb
sub-directories of 1Mb or more:
libs 12.8Mb
Flavors: r-devel-linux-x86_64-fedora-clang, r-release-osx-x86_64, r-oldrel-osx-x86_64