CRAN Package Check Results for Package fBasics

Last updated on 2018-07-17 01:47:02 CEST.

Flavor Version Tinstall Tcheck Ttotal Status Flags
r-devel-linux-x86_64-debian-clang 3042.89 79.73 139.55 219.28 NOTE
r-devel-linux-x86_64-debian-gcc 3042.89 58.91 121.99 180.90 NOTE
r-devel-linux-x86_64-fedora-clang 3042.89 289.90 NOTE
r-devel-linux-x86_64-fedora-gcc 3042.89 257.49 NOTE
r-devel-windows-ix86+x86_64 3042.89 107.00 331.00 438.00 OK
r-patched-linux-x86_64 3042.89 59.27 145.37 204.64 NOTE
r-patched-solaris-x86 3042.89 401.90 OK
r-release-linux-x86_64 3042.89 61.96 146.04 208.00 NOTE
r-release-windows-ix86+x86_64 3042.89 107.00 178.00 285.00 OK
r-release-osx-x86_64 3042.89 OK
r-oldrel-windows-ix86+x86_64 3042.89 13.00 291.00 304.00 OK
r-oldrel-osx-x86_64 3042.89 OK

Check Details

Version: 3042.89
Check: compiled code
Result: NOTE
    File ‘fBasics/libs/fBasics.so’:
     Found no calls to: ‘R_registerRoutines’, ‘R_useDynamicSymbols’
    
    It is good practice to register native routines and to disable symbol
    search.
    
    See ‘Writing portable packages’ in the ‘Writing R Extensions’ manual.
Flavors: r-devel-linux-x86_64-debian-clang, r-devel-linux-x86_64-debian-gcc, r-devel-linux-x86_64-fedora-clang, r-devel-linux-x86_64-fedora-gcc, r-patched-linux-x86_64, r-release-linux-x86_64