CRAN Package Check Results for Package fOptions

Last updated on 2018-07-17 01:47:03 CEST.

Flavor Version Tinstall Tcheck Ttotal Status Flags
r-devel-linux-x86_64-debian-clang 3042.86 7.50 55.55 63.05 NOTE
r-devel-linux-x86_64-debian-gcc 3042.86 6.21 47.04 53.25 NOTE
r-devel-linux-x86_64-fedora-clang 3042.86 81.19 NOTE
r-devel-linux-x86_64-fedora-gcc 3042.86 77.42 NOTE
r-devel-windows-ix86+x86_64 3042.86 21.00 164.00 185.00 OK
r-patched-linux-x86_64 3042.86 4.91 52.24 57.15 NOTE
r-patched-solaris-x86 3042.86 104.00 OK
r-release-linux-x86_64 3042.86 5.82 52.51 58.33 NOTE
r-release-windows-ix86+x86_64 3042.86 20.00 128.00 148.00 OK
r-release-osx-x86_64 3042.86 OK
r-oldrel-windows-ix86+x86_64 3042.86 10.00 121.00 131.00 OK
r-oldrel-osx-x86_64 3042.86 OK

Check Details

Version: 3042.86
Check: compiled code
Result: NOTE
    File ‘fOptions/libs/fOptions.so’:
     Found no calls to: ‘R_registerRoutines’, ‘R_useDynamicSymbols’
    
    It is good practice to register native routines and to disable symbol
    search.
    
    See ‘Writing portable packages’ in the ‘Writing R Extensions’ manual.
Flavors: r-devel-linux-x86_64-debian-clang, r-devel-linux-x86_64-debian-gcc, r-devel-linux-x86_64-fedora-clang, r-devel-linux-x86_64-fedora-gcc, r-patched-linux-x86_64, r-release-linux-x86_64