Last updated on 2018-07-17 01:47:02 CEST.
Flavor | Version | Tinstall | Tcheck | Ttotal | Status | Flags |
---|---|---|---|---|---|---|
r-devel-linux-x86_64-debian-clang | 0.4.0 | 47.67 | 93.65 | 141.32 | OK | |
r-devel-linux-x86_64-debian-gcc | 0.4.0 | 41.92 | 82.87 | 124.79 | OK | |
r-devel-linux-x86_64-fedora-clang | 0.4.0 | 207.46 | NOTE | |||
r-devel-linux-x86_64-fedora-gcc | 0.4.0 | 191.50 | OK | |||
r-devel-windows-ix86+x86_64 | 0.4.0 | 117.00 | 185.00 | 302.00 | NOTE | |
r-patched-linux-x86_64 | 0.4.0 | 52.32 | 90.17 | 142.49 | OK | |
r-patched-solaris-x86 | 0.4.0 | 228.30 | NOTE | |||
r-release-linux-x86_64 | 0.4.0 | 46.94 | 89.24 | 136.18 | OK | |
r-release-windows-ix86+x86_64 | 0.4.0 | 119.00 | 171.00 | 290.00 | NOTE | |
r-release-osx-x86_64 | 0.4.0 | NOTE | ||||
r-oldrel-windows-ix86+x86_64 | 0.4.0 | 94.00 | 179.00 | 273.00 | NOTE | |
r-oldrel-osx-x86_64 | 0.4.0 | NOTE |
Version: 0.4.0
Check: installed package size
Result: NOTE
installed size is 7.2Mb
sub-directories of 1Mb or more:
data 4.8Mb
libs 2.1Mb
Flavors: r-devel-linux-x86_64-fedora-clang, r-devel-windows-ix86+x86_64, r-patched-solaris-x86, r-release-windows-ix86+x86_64, r-release-osx-x86_64, r-oldrel-windows-ix86+x86_64, r-oldrel-osx-x86_64