CRAN Package Check Results for Package fastdigest

Last updated on 2018-07-17 01:47:02 CEST.

Flavor Version Tinstall Tcheck Ttotal Status Flags
r-devel-linux-x86_64-debian-clang 0.6-3 2.28 14.75 17.03 NOTE
r-devel-linux-x86_64-debian-gcc 0.6-3 1.54 13.15 14.69 NOTE
r-devel-linux-x86_64-fedora-clang 0.6-3 23.24 NOTE
r-devel-linux-x86_64-fedora-gcc 0.6-3 20.41 NOTE
r-devel-windows-ix86+x86_64 0.6-3 10.00 36.00 46.00 OK
r-patched-linux-x86_64 0.6-3 1.80 15.36 17.16 NOTE
r-patched-solaris-x86 0.6-3 34.90 OK
r-release-linux-x86_64 0.6-3 1.62 15.34 16.96 NOTE
r-release-windows-ix86+x86_64 0.6-3 10.00 33.00 43.00 OK
r-release-osx-x86_64 0.6-3 OK
r-oldrel-windows-ix86+x86_64 0.6-3 9.00 37.00 46.00 OK
r-oldrel-osx-x86_64 0.6-3 OK

Check Details

Version: 0.6-3
Check: compiled code
Result: NOTE
    File ‘fastdigest/libs/fastdigest.so’:
     Found no call to: ‘R_useDynamicSymbols’
    
    It is good practice to register native routines and to disable symbol
    search.
    
    See ‘Writing portable packages’ in the ‘Writing R Extensions’ manual.
Flavors: r-devel-linux-x86_64-debian-clang, r-devel-linux-x86_64-debian-gcc, r-devel-linux-x86_64-fedora-clang, r-devel-linux-x86_64-fedora-gcc, r-patched-linux-x86_64, r-release-linux-x86_64