CRAN Package Check Results for Package fbroc

Last updated on 2018-07-17 01:47:02 CEST.

Flavor Version Tinstall Tcheck Ttotal Status Flags
r-devel-linux-x86_64-debian-clang 0.4.0 58.96 42.60 101.56 NOTE
r-devel-linux-x86_64-debian-gcc 0.4.0 47.23 36.71 83.94 NOTE
r-devel-linux-x86_64-fedora-clang 0.4.0 162.64 NOTE
r-devel-linux-x86_64-fedora-gcc 0.4.0 141.89 NOTE
r-devel-windows-ix86+x86_64 0.4.0 172.00 82.00 254.00 OK
r-patched-linux-x86_64 0.4.0 60.66 43.21 103.87 NOTE
r-patched-solaris-x86 0.4.0 145.60 OK
r-release-linux-x86_64 0.4.0 65.57 43.56 109.13 NOTE
r-release-windows-ix86+x86_64 0.4.0 161.00 86.00 247.00 OK
r-release-osx-x86_64 0.4.0 OK
r-oldrel-windows-ix86+x86_64 0.4.0 120.00 132.00 252.00 OK
r-oldrel-osx-x86_64 0.4.0 OK

Check Details

Version: 0.4.0
Check: compiled code
Result: NOTE
    File ‘fbroc/libs/fbroc.so’:
     Found no calls to: ‘R_registerRoutines’, ‘R_useDynamicSymbols’
    
    It is good practice to register native routines and to disable symbol
    search.
    
    See ‘Writing portable packages’ in the ‘Writing R Extensions’ manual.
Flavors: r-devel-linux-x86_64-debian-clang, r-devel-linux-x86_64-debian-gcc, r-devel-linux-x86_64-fedora-clang, r-devel-linux-x86_64-fedora-gcc, r-patched-linux-x86_64, r-release-linux-x86_64