CRAN Package Check Results for Package fdasrvf

Last updated on 2018-07-17 01:47:02 CEST.

Flavor Version Tinstall Tcheck Ttotal Status Flags
r-devel-linux-x86_64-debian-clang 1.8.3 380.05 167.63 547.68 OK
r-devel-linux-x86_64-debian-gcc 1.8.3 287.08 149.66 436.74 OK
r-devel-linux-x86_64-fedora-clang 1.8.3 878.84 NOTE
r-devel-linux-x86_64-fedora-gcc 1.8.3 719.92 NOTE
r-devel-windows-ix86+x86_64 1.8.3 1260.00 324.00 1584.00 NOTE
r-patched-linux-x86_64 1.8.3 363.72 185.68 549.40 OK
r-patched-solaris-x86 1.8.3 741.40 NOTE
r-release-linux-x86_64 1.8.3 359.13 188.01 547.14 OK
r-release-windows-ix86+x86_64 1.8.3 1195.00 321.00 1516.00 NOTE
r-release-osx-x86_64 1.8.3 NOTE
r-oldrel-windows-ix86+x86_64 1.8.3 879.00 271.00 1150.00 NOTE
r-oldrel-osx-x86_64 1.8.3 NOTE

Check Details

Version: 1.8.3
Check: installed package size
Result: NOTE
     installed size is 10.0Mb
     sub-directories of 1Mb or more:
     data 2.3Mb
     libs 7.2Mb
Flavors: r-devel-linux-x86_64-fedora-clang, r-devel-windows-ix86+x86_64, r-release-windows-ix86+x86_64, r-release-osx-x86_64, r-oldrel-windows-ix86+x86_64, r-oldrel-osx-x86_64

Version: 1.8.3
Check: dependencies in R code
Result: NOTE
    Namespace in Imports field not imported from: ‘testthat’
     All declared Imports should be used.
Flavors: r-devel-linux-x86_64-fedora-clang, r-devel-linux-x86_64-fedora-gcc, r-patched-solaris-x86, r-release-osx-x86_64, r-oldrel-osx-x86_64