CRAN Package Check Results for Package foreach

Last updated on 2018-07-17 01:47:03 CEST.

Flavor Version Tinstall Tcheck Ttotal Status Flags
r-devel-linux-x86_64-debian-clang 1.4.4 1.65 25.48 27.13 OK
r-devel-linux-x86_64-debian-gcc 1.4.4 1.15 23.06 24.21 OK
r-devel-linux-x86_64-fedora-clang 1.4.4 39.08 OK
r-devel-linux-x86_64-fedora-gcc 1.4.4 35.06 OK
r-devel-windows-ix86+x86_64 1.4.4 8.00 160.00 168.00 NOTE
r-patched-linux-x86_64 1.4.4 1.68 27.64 29.32 OK
r-patched-solaris-x86 1.4.4 52.50 OK
r-release-linux-x86_64 1.4.4 1.45 27.85 29.30 OK
r-release-windows-ix86+x86_64 1.4.4 5.00 129.00 134.00 NOTE
r-release-osx-x86_64 1.4.4 OK
r-oldrel-windows-ix86+x86_64 1.4.4 4.00 107.00 111.00 NOTE
r-oldrel-osx-x86_64 1.4.4 OK

Check Details

Version: 1.4.4
Check: package dependencies
Result: NOTE
    Package which this enhances but not available for checking: 'doMC'
Flavors: r-devel-windows-ix86+x86_64, r-release-windows-ix86+x86_64, r-oldrel-windows-ix86+x86_64