Last updated on 2018-07-17 01:47:03 CEST.
Flavor | Version | Tinstall | Tcheck | Ttotal | Status | Flags |
---|---|---|---|---|---|---|
r-devel-linux-x86_64-debian-clang | 0.2.2 | 66.23 | 94.81 | 161.04 | WARN | |
r-devel-linux-x86_64-debian-gcc | 0.2.2 | 60.39 | 70.37 | 130.76 | OK | |
r-devel-linux-x86_64-fedora-clang | 0.2.2 | 243.26 | OK | |||
r-devel-linux-x86_64-fedora-gcc | 0.2.2 | 223.60 | OK | |||
r-devel-windows-ix86+x86_64 | 0.2.2 | 170.00 | 139.00 | 309.00 | OK | |
r-patched-linux-x86_64 | 0.2.2 | 73.48 | 90.15 | 163.63 | OK | |
r-patched-solaris-x86 | 0.2.2 | 282.50 | OK | |||
r-release-linux-x86_64 | 0.2.2 | 75.98 | 90.15 | 166.13 | OK | |
r-release-windows-ix86+x86_64 | 0.2.2 | 181.00 | 159.00 | 340.00 | OK | |
r-release-osx-x86_64 | 0.2.2 | OK | ||||
r-oldrel-windows-ix86+x86_64 | 0.2.2 | 120.00 | 153.00 | 273.00 | OK | |
r-oldrel-osx-x86_64 | 0.2.2 | OK |
Version: 0.2.2
Check: whether package can be installed
Result: WARN
Found the following significant warnings:
fourierin_1d.cpp:55:13: warning: using integer absolute value function 'abs' when argument is of floating point type [-Wabsolute-value]
fourierin_1d.cpp:77:17: warning: using integer absolute value function 'abs' when argument is of floating point type [-Wabsolute-value]
fourierin_2d.cpp:107:9: warning: using integer absolute value function 'abs' when argument is of floating point type [-Wabsolute-value]
fourierin_2d.cpp:146:12: warning: using integer absolute value function 'abs' when argument is of floating point type [-Wabsolute-value]
fourierin_cx_1d.cpp:55:13: warning: using integer absolute value function 'abs' when argument is of floating point type [-Wabsolute-value]
fourierin_cx_1d.cpp:77:17: warning: using integer absolute value function 'abs' when argument is of floating point type [-Wabsolute-value]
fourierin_cx_2d.cpp:104:9: warning: using integer absolute value function 'abs' when argument is of floating point type [-Wabsolute-value]
fourierin_cx_2d.cpp:143:12: warning: using integer absolute value function 'abs' when argument is of floating point type [-Wabsolute-value]
Flavor: r-devel-linux-x86_64-debian-clang