CRAN Package Check Results for Package gWidgetsRGtk2

Last updated on 2018-07-17 01:47:05 CEST.

Flavor Version Tinstall Tcheck Ttotal Status Flags
r-devel-linux-x86_64-debian-clang 0.0-86 30.84 74.83 105.67 OK
r-devel-linux-x86_64-debian-gcc 0.0-86 30.66 65.98 96.64 OK
r-devel-linux-x86_64-fedora-clang 0.0-86 155.74 OK
r-devel-linux-x86_64-fedora-gcc 0.0-86 144.25 OK
r-devel-windows-ix86+x86_64 0.0-86 66.00 118.00 184.00 OK
r-patched-linux-x86_64 0.0-86 35.68 78.23 113.91 OK
r-patched-solaris-x86 0.0-86 199.00 OK
r-release-linux-x86_64 0.0-86 34.73 77.98 112.71 OK
r-release-windows-ix86+x86_64 0.0-86 61.00 109.00 170.00 OK
r-release-osx-x86_64 0.0-86 ERROR
r-oldrel-windows-ix86+x86_64 0.0-86 14.00 110.00 124.00 OK
r-oldrel-osx-x86_64 0.0-86 ERROR

Check Details

Version: 0.0-86
Check: package dependencies
Result: ERROR
    Packages required but not available: ‘RGtk2’ ‘cairoDevice’
    
    Package which this enhances but not available for checking: ‘RGtk2Extras’
    
    See section ‘The DESCRIPTION file’ in the ‘Writing R Extensions’
    manual.
Flavors: r-release-osx-x86_64, r-oldrel-osx-x86_64