CRAN Package Check Results for Package gamlss.demo

Last updated on 2018-07-17 01:47:03 CEST.

Flavor Version Tinstall Tcheck Ttotal Status Flags
r-devel-linux-x86_64-debian-clang 4.3-3 8.30 73.28 81.58 OK
r-devel-linux-x86_64-debian-gcc 4.3-3 6.84 60.99 67.83 OK
r-devel-linux-x86_64-fedora-clang 4.3-3 105.90 OK
r-devel-linux-x86_64-fedora-gcc 4.3-3 97.40 OK
r-devel-windows-ix86+x86_64 4.3-3 16.00 80.00 96.00 OK
r-patched-linux-x86_64 4.3-3 6.86 67.77 74.63 OK
r-patched-solaris-x86 4.3-3 142.70 OK
r-release-linux-x86_64 4.3-3 8.04 67.90 75.94 OK
r-release-windows-ix86+x86_64 4.3-3 15.00 115.00 130.00 OK
r-release-osx-x86_64 4.3-3 ERROR
r-oldrel-windows-ix86+x86_64 4.3-3 7.00 75.00 82.00 OK
r-oldrel-osx-x86_64 4.3-3 OK

Check Details

Version: 4.3-3
Check: package dependencies
Result: ERROR
    Package required but not available: ‘rpanel’
    
    See section ‘The DESCRIPTION file’ in the ‘Writing R Extensions’
    manual.
Flavor: r-release-osx-x86_64