Last updated on 2018-07-17 01:47:03 CEST.
Flavor | Version | Tinstall | Tcheck | Ttotal | Status | Flags |
---|---|---|---|---|---|---|
r-devel-linux-x86_64-debian-clang | 5.0-0 | 4.48 | 57.97 | 62.45 | NOTE | |
r-devel-linux-x86_64-debian-gcc | 5.0-0 | 4.20 | 53.12 | 57.32 | NOTE | |
r-devel-linux-x86_64-fedora-clang | 5.0-0 | 88.38 | NOTE | |||
r-devel-linux-x86_64-fedora-gcc | 5.0-0 | 81.12 | NOTE | |||
r-devel-windows-ix86+x86_64 | 5.0-0 | 14.00 | 76.00 | 90.00 | NOTE | |
r-patched-linux-x86_64 | 5.0-0 | 4.51 | 57.31 | 61.82 | NOTE | |
r-patched-solaris-x86 | 5.0-0 | 115.00 | NOTE | |||
r-release-linux-x86_64 | 5.0-0 | 5.17 | 57.46 | 62.63 | NOTE | |
r-release-windows-ix86+x86_64 | 5.0-0 | 12.00 | 94.00 | 106.00 | NOTE | |
r-release-osx-x86_64 | 5.0-0 | OK | ||||
r-oldrel-windows-ix86+x86_64 | 5.0-0 | 8.00 | 71.00 | 79.00 | NOTE | |
r-oldrel-osx-x86_64 | 5.0-0 | OK |
Version: 5.0-0
Check: dependencies in R code
Result: NOTE
':::' call which should be '::': ‘gamlss:::numeric.deriv’
See the note in ?`:::` about the use of this operator.
Flavors: r-devel-linux-x86_64-debian-clang, r-devel-linux-x86_64-debian-gcc, r-devel-linux-x86_64-fedora-clang, r-devel-linux-x86_64-fedora-gcc, r-devel-windows-ix86+x86_64, r-patched-linux-x86_64, r-patched-solaris-x86, r-release-linux-x86_64, r-release-windows-ix86+x86_64, r-oldrel-windows-ix86+x86_64