Last updated on 2018-07-17 01:47:03 CEST.
Flavor | Version | Tinstall | Tcheck | Ttotal | Status | Flags |
---|---|---|---|---|---|---|
r-devel-linux-x86_64-debian-clang | 1.1-22 | 17.35 | 84.03 | 101.38 | OK | |
r-devel-linux-x86_64-debian-gcc | 1.1-22 | 14.03 | 70.90 | 84.93 | OK | |
r-devel-linux-x86_64-fedora-clang | 1.1-22 | 134.60 | OK | |||
r-devel-linux-x86_64-fedora-gcc | 1.1-22 | 124.98 | WARN | |||
r-devel-windows-ix86+x86_64 | 1.1-22 | 65.00 | 123.00 | 188.00 | OK | |
r-patched-linux-x86_64 | 1.1-22 | 15.93 | 90.00 | 105.93 | OK | |
r-patched-solaris-x86 | 1.1-22 | 149.80 | OK | |||
r-release-linux-x86_64 | 1.1-22 | 17.08 | 89.90 | 106.98 | OK | |
r-release-windows-ix86+x86_64 | 1.1-22 | 55.00 | 157.00 | 212.00 | OK | |
r-release-osx-x86_64 | 1.1-22 | OK | ||||
r-oldrel-windows-ix86+x86_64 | 1.1-22 | 38.00 | 103.00 | 141.00 | OK | |
r-oldrel-osx-x86_64 | 1.1-22 | OK |
Version: 1.1-22
Check: whether package can be installed
Result: WARN
Found the following significant warnings:
hap_c.c:380:28: warning: ā%03dā directive writing between 3 and 10 bytes into a region of size between 0 and 127 [-Wformat-overflow=]
hap_c.c:392:28: warning: ā%03dā directive writing between 3 and 10 bytes into a region of size between 0 and 127 [-Wformat-overflow=]
Flavor: r-devel-linux-x86_64-fedora-gcc