Last updated on 2018-07-17 01:47:03 CEST.
Flavor | Version | Tinstall | Tcheck | Ttotal | Status | Flags |
---|---|---|---|---|---|---|
r-devel-linux-x86_64-debian-clang | 0.1.7 | 42.73 | 22.86 | 65.59 | OK | |
r-devel-linux-x86_64-debian-gcc | 0.1.7 | 34.18 | 19.89 | 54.07 | OK | |
r-devel-linux-x86_64-fedora-clang | 0.1.7 | 108.79 | OK | |||
r-devel-linux-x86_64-fedora-gcc | 0.1.7 | 93.07 | OK | |||
r-devel-windows-ix86+x86_64 | 0.1.7 | 125.00 | 82.00 | 207.00 | NOTE | |
r-patched-linux-x86_64 | 0.1.7 | 39.26 | 22.77 | 62.03 | OK | |
r-patched-solaris-x86 | 0.1.7 | 91.70 | OK | |||
r-release-linux-x86_64 | 0.1.7 | 46.33 | 22.73 | 69.06 | OK | |
r-release-windows-ix86+x86_64 | 0.1.7 | 123.00 | 92.00 | 215.00 | NOTE | |
r-release-osx-x86_64 | 0.1.7 | OK | ||||
r-oldrel-windows-ix86+x86_64 | 0.1.7 | 100.00 | 96.00 | 196.00 | NOTE | |
r-oldrel-osx-x86_64 | 0.1.7 | OK |
Version: 0.1.7
Check: installed package size
Result: NOTE
installed size is 7.5Mb
sub-directories of 1Mb or more:
libs 7.4Mb
Flavors: r-devel-windows-ix86+x86_64, r-release-windows-ix86+x86_64, r-oldrel-windows-ix86+x86_64