CRAN Package Check Results for Package geofacet

Last updated on 2018-07-17 01:47:04 CEST.

Flavor Version Tinstall Tcheck Ttotal Status Flags
r-devel-linux-x86_64-debian-clang 0.1.9 4.36 196.47 200.83 OK
r-devel-linux-x86_64-debian-gcc 0.1.9 4.89 189.03 193.92 OK
r-devel-linux-x86_64-fedora-clang 0.1.9 302.69 NOTE
r-devel-linux-x86_64-fedora-gcc 0.1.9 286.94 NOTE
r-devel-windows-ix86+x86_64 0.1.9 20.00 256.00 276.00 OK
r-patched-linux-x86_64 0.1.9 3.99 234.53 238.52 OK
r-patched-solaris-x86 0.1.9 422.80 NOTE
r-release-linux-x86_64 0.1.9 4.26 232.04 236.30 OK
r-release-windows-ix86+x86_64 0.1.9 16.00 361.00 377.00 OK
r-release-osx-x86_64 0.1.9 NOTE
r-oldrel-windows-ix86+x86_64 0.1.9 10.00 375.00 385.00 OK
r-oldrel-osx-x86_64 0.1.9 NOTE

Check Details

Version: 0.1.9
Check: data for non-ASCII characters
Result: NOTE
     Note: found 217 marked UTF-8 strings
Flavors: r-devel-linux-x86_64-fedora-clang, r-devel-linux-x86_64-fedora-gcc, r-patched-solaris-x86, r-release-osx-x86_64, r-oldrel-osx-x86_64