Last updated on 2018-07-17 01:47:04 CEST.
Flavor | Version | Tinstall | Tcheck | Ttotal | Status | Flags |
---|---|---|---|---|---|---|
r-devel-linux-x86_64-debian-clang | 0.1.5 | 3.19 | 31.18 | 34.37 | OK | |
r-devel-linux-x86_64-debian-gcc | 0.1.5 | 2.57 | 29.04 | 31.61 | OK | |
r-devel-linux-x86_64-fedora-clang | 0.1.5 | 54.93 | OK | |||
r-devel-linux-x86_64-fedora-gcc | 0.1.5 | 49.13 | OK | |||
r-devel-windows-ix86+x86_64 | 0.1.5 | 42.00 | 51.00 | 93.00 | WARN | |
r-patched-linux-x86_64 | 0.1.5 | 2.84 | 33.21 | 36.05 | OK | |
r-patched-solaris-x86 | 0.1.5 | 68.80 | OK | |||
r-release-linux-x86_64 | 0.1.5 | 2.75 | 32.88 | 35.63 | OK | |
r-release-windows-ix86+x86_64 | 0.1.5 | 44.00 | 79.00 | 123.00 | OK | |
r-release-osx-x86_64 | 0.1.5 | OK | ||||
r-oldrel-windows-ix86+x86_64 | 0.1.5 | 28.00 | 66.00 | 94.00 | OK | |
r-oldrel-osx-x86_64 | 0.1.5 | OK |
Version: 0.1.5
Check: whether package can be installed
Result: WARN
Found the following significant warnings:
Warning: S3 methods '[.fun_list', '[.grouped_df', 'all.equal.tbl_df', 'anti_join.data.frame', 'anti_join.tbl_df', 'arrange.data.frame', 'arrange.default', 'arrange.grouped_df', 'arrange.tbl_df', 'arrange_.data.frame', 'arrange_.tbl_df', 'as.data.frame.grouped_df', 'as.data.frame.rowwise_df', 'as.data.frame.tbl_cube', 'as.data.frame.tbl_df', 'as.table.tbl_cube', 'as.tbl.data.frame', 'as.tbl.tbl', 'as.tbl_cube.array', 'as.tbl_cube.data.frame', 'as.tbl_cube.matrix', 'as.tbl_cube.table', 'as_data_frame.grouped_df', 'as_data_frame.tbl_cube', 'auto_copy.tbl_cube', 'auto_copy.tbl_df', 'cbind.grouped_df', 'collapse.data.frame', 'collect.data.frame', 'common_by.NULL', 'common_by.character', 'common_by.default', 'common_by.list', 'compute.data.frame', 'copy_to.DBIConnection', 'copy_to.src_local', 'default_missing.data.frame', 'default_missing.default', 'dim.tbl_cube', 'distinct.data.frame', 'distinct.default', 'distinct.grouped_df', 'distinct.tbl_df', 'distinct_.data.frame', 'distinct_.grouped_df', 'dist [... truncated]
Flavor: r-devel-windows-ix86+x86_64