Last updated on 2018-07-17 01:47:04 CEST.
Flavor | Version | Tinstall | Tcheck | Ttotal | Status | Flags |
---|---|---|---|---|---|---|
r-devel-linux-x86_64-debian-clang | 0.4.0 | 5.23 | 79.52 | 84.75 | OK | |
r-devel-linux-x86_64-debian-gcc | 0.4.0 | 4.02 | 71.48 | 75.50 | OK | |
r-devel-linux-x86_64-fedora-clang | 0.4.0 | 124.96 | NOTE | |||
r-devel-linux-x86_64-fedora-gcc | 0.4.0 | 111.61 | NOTE | |||
r-devel-windows-ix86+x86_64 | 0.4.0 | 18.00 | 102.00 | 120.00 | OK | |
r-patched-linux-x86_64 | 0.4.0 | 5.49 | 87.68 | 93.17 | OK | |
r-patched-solaris-x86 | 0.4.0 | 153.60 | NOTE | |||
r-release-linux-x86_64 | 0.4.0 | 5.43 | 87.05 | 92.48 | OK | |
r-release-windows-ix86+x86_64 | 0.4.0 | 13.00 | 130.00 | 143.00 | OK | |
r-release-osx-x86_64 | 0.4.0 | NOTE | ||||
r-oldrel-windows-ix86+x86_64 | 0.4.0 | 10.00 | 103.00 | 113.00 | OK | |
r-oldrel-osx-x86_64 | 0.4.0 | NOTE |
Version: 0.4.0
Check: dependencies in R code
Result: NOTE
Namespace in Imports field not imported from: ‘plotly’
All declared Imports should be used.
Flavors: r-devel-linux-x86_64-fedora-clang, r-devel-linux-x86_64-fedora-gcc, r-patched-solaris-x86, r-release-osx-x86_64, r-oldrel-osx-x86_64