Last updated on 2018-07-17 01:47:04 CEST.
Flavor | Version | Tinstall | Tcheck | Ttotal | Status | Flags |
---|---|---|---|---|---|---|
r-devel-linux-x86_64-debian-clang | 0.1.0 | 96.02 | 91.09 | 187.11 | OK | |
r-devel-linux-x86_64-debian-gcc | 0.1.0 | 68.70 | 79.86 | 148.56 | OK | |
r-devel-linux-x86_64-fedora-clang | 0.1.0 | 281.17 | NOTE | |||
r-devel-linux-x86_64-fedora-gcc | 0.1.0 | 239.68 | NOTE | |||
r-devel-windows-ix86+x86_64 | 0.1.0 | 181.00 | 159.00 | 340.00 | NOTE | |
r-patched-linux-x86_64 | 0.1.0 | 76.83 | 93.46 | 170.29 | OK | |
r-patched-solaris-x86 | 0.1.0 | 254.70 | NOTE | |||
r-release-linux-x86_64 | 0.1.0 | 80.13 | 93.21 | 173.34 | OK | |
r-release-windows-ix86+x86_64 | 0.1.0 | 184.00 | 191.00 | 375.00 | NOTE | |
r-release-osx-x86_64 | 0.1.0 | NOTE | ||||
r-oldrel-windows-ix86+x86_64 | 0.1.0 | 122.00 | 137.00 | 259.00 | NOTE | |
r-oldrel-osx-x86_64 | 0.1.0 | NOTE |
Version: 0.1.0
Check: installed package size
Result: NOTE
installed size is 28.2Mb
sub-directories of 1Mb or more:
libs 27.8Mb
Flavors: r-devel-linux-x86_64-fedora-clang, r-devel-windows-ix86+x86_64, r-release-windows-ix86+x86_64, r-release-osx-x86_64, r-oldrel-windows-ix86+x86_64, r-oldrel-osx-x86_64
Version: 0.1.0
Check: dependencies in R code
Result: NOTE
Namespace in Imports field not imported from: ‘Rcpp’
All declared Imports should be used.
Flavors: r-devel-linux-x86_64-fedora-clang, r-devel-linux-x86_64-fedora-gcc, r-patched-solaris-x86, r-release-osx-x86_64, r-oldrel-osx-x86_64