Last updated on 2018-07-17 01:47:05 CEST.
Flavor | Version | Tinstall | Tcheck | Ttotal | Status | Flags |
---|---|---|---|---|---|---|
r-devel-linux-x86_64-debian-clang | 1.6 | 41.98 | 62.53 | 104.51 | OK | |
r-devel-linux-x86_64-debian-gcc | 1.6 | 35.55 | 56.43 | 91.98 | OK | |
r-devel-linux-x86_64-fedora-clang | 1.6 | 150.66 | NOTE | |||
r-devel-linux-x86_64-fedora-gcc | 1.6 | 142.80 | OK | |||
r-devel-windows-ix86+x86_64 | 1.6 | 98.00 | 156.00 | 254.00 | OK | |
r-patched-linux-x86_64 | 1.6 | 42.81 | 70.36 | 113.17 | OK | |
r-patched-solaris-x86 | 1.6 | 156.70 | OK | |||
r-release-linux-x86_64 | 1.6 | 39.04 | 70.57 | 109.61 | OK | |
r-release-windows-ix86+x86_64 | 1.6 | 99.00 | 190.00 | 289.00 | OK | |
r-release-osx-x86_64 | 1.6 | NOTE | ||||
r-oldrel-windows-ix86+x86_64 | 1.6 | 71.00 | 162.00 | 233.00 | OK | |
r-oldrel-osx-x86_64 | 1.6 | NOTE |
Version: 1.6
Check: installed package size
Result: NOTE
installed size is 11.4Mb
sub-directories of 1Mb or more:
libs 11.2Mb
Flavors: r-devel-linux-x86_64-fedora-clang, r-release-osx-x86_64, r-oldrel-osx-x86_64