Last updated on 2018-07-17 01:47:05 CEST.
Flavor | Version | Tinstall | Tcheck | Ttotal | Status | Flags |
---|---|---|---|---|---|---|
r-devel-linux-x86_64-debian-clang | 1.1.0 | 8.47 | 95.87 | 104.34 | NOTE | |
r-devel-linux-x86_64-debian-gcc | 1.1.0 | 6.21 | 80.10 | 86.31 | NOTE | |
r-devel-linux-x86_64-fedora-clang | 1.1.0 | 140.40 | NOTE | |||
r-devel-linux-x86_64-fedora-gcc | 1.1.0 | 122.19 | NOTE | |||
r-devel-windows-ix86+x86_64 | 1.1.0 | 25.00 | 166.00 | 191.00 | NOTE | |
r-patched-linux-x86_64 | 1.1.0 | 7.57 | 85.52 | 93.09 | NOTE | |
r-patched-solaris-x86 | 1.1.0 | 167.50 | NOTE | |||
r-release-linux-x86_64 | 1.1.0 | 7.44 | 86.34 | 93.78 | NOTE | |
r-release-windows-ix86+x86_64 | 1.1.0 | 22.00 | 164.00 | 186.00 | WARN | |
r-release-osx-x86_64 | 1.1.0 | NOTE | ||||
r-oldrel-windows-ix86+x86_64 | 1.1.0 | 15.00 | 116.00 | 131.00 | NOTE | |
r-oldrel-osx-x86_64 | 1.1.0 | NOTE |
Version: 1.1.0
Check: R code for possible problems
Result: NOTE
binding: no visible global function definition for ‘rnorm’
binding: no visible binding for global variable ‘var’
binding: no visible global function definition for ‘uniroot’
equivonly: no visible global function definition for ‘rnorm’
equivonly: no visible binding for global variable ‘var’
equivonly: no visible global function definition for ‘uniroot’
figureE: no visible global function definition for ‘rgb’
figureEF: no visible global function definition for ‘rgb’
nfix : f: no visible global function definition for ‘pnorm’
nfix : f: no visible global function definition for ‘qnorm’
nfix: no visible global function definition for ‘uniroot’
nonbinding: no visible global function definition for ‘rnorm’
nonbinding: no visible binding for global variable ‘var’
nonbinding: no visible global function definition for ‘uniroot’
oc: no visible global function definition for ‘rnorm’
oc: no visible global function definition for ‘var’
Undefined global functions or variables:
pnorm qnorm rgb rnorm uniroot var
Consider adding
importFrom("grDevices", "rgb")
importFrom("stats", "pnorm", "qnorm", "rnorm", "uniroot", "var")
to your NAMESPACE file.
Flavors: r-devel-linux-x86_64-debian-clang, r-devel-linux-x86_64-debian-gcc, r-devel-linux-x86_64-fedora-clang, r-devel-linux-x86_64-fedora-gcc, r-devel-windows-ix86+x86_64, r-patched-linux-x86_64, r-patched-solaris-x86, r-release-linux-x86_64, r-release-windows-ix86+x86_64, r-release-osx-x86_64, r-oldrel-windows-ix86+x86_64, r-oldrel-osx-x86_64
Version: 1.1.0
Check: whether package can be installed
Result: WARN
Found the following significant warnings:
Warning: S3 methods '[.fun_list', '[.grouped_df', 'all.equal.tbl_df', 'anti_join.data.frame', 'anti_join.tbl_df', 'arrange.data.frame', 'arrange.default', 'arrange.grouped_df', 'arrange.tbl_df', 'arrange_.data.frame', 'arrange_.tbl_df', 'as.data.frame.grouped_df', 'as.data.frame.rowwise_df', 'as.data.frame.tbl_cube', 'as.data.frame.tbl_df', 'as.table.tbl_cube', 'as.tbl.data.frame', 'as.tbl.tbl', 'as.tbl_cube.array', 'as.tbl_cube.data.frame', 'as.tbl_cube.matrix', 'as.tbl_cube.table', 'as_data_frame.grouped_df', 'as_data_frame.tbl_cube', 'auto_copy.tbl_cube', 'auto_copy.tbl_df', 'cbind.grouped_df', 'collapse.data.frame', 'collect.data.frame', 'common_by.NULL', 'common_by.character', 'common_by.default', 'common_by.list', 'compute.data.frame', 'copy_to.DBIConnection', 'copy_to.src_local', 'default_missing.data.frame', 'default_missing.default', 'dim.tbl_cube', 'distinct.data.frame', 'distinct.default', 'distinct.grouped_df', 'distinct.tbl_df', 'distinct_.data.frame', 'distinct_.grouped_df', 'dist [... truncated]
Flavor: r-release-windows-ix86+x86_64