CRAN Package Check Results for Package gtools

Last updated on 2018-07-17 01:47:05 CEST.

Flavor Version Tinstall Tcheck Ttotal Status Flags
r-devel-linux-x86_64-debian-clang 3.8.1 3.98 35.50 39.48 NOTE
r-devel-linux-x86_64-debian-gcc 3.8.1 2.60 29.43 32.03 NOTE
r-devel-linux-x86_64-fedora-clang 3.8.1 51.44 NOTE
r-devel-linux-x86_64-fedora-gcc 3.8.1 45.86 NOTE
r-devel-windows-ix86+x86_64 3.8.1 18.00 68.00 86.00 NOTE
r-patched-linux-x86_64 3.8.1 3.65 36.69 40.34 NOTE
r-patched-solaris-x86 3.8.1 70.70 NOTE
r-release-linux-x86_64 3.8.1 3.27 36.35 39.62 NOTE
r-release-windows-ix86+x86_64 3.8.1 19.00 82.00 101.00 NOTE
r-release-osx-x86_64 3.8.1 NOTE
r-oldrel-windows-ix86+x86_64 3.8.1 15.00 76.00 91.00 NOTE
r-oldrel-osx-x86_64 3.8.1 NOTE

Check Details

Version: 3.8.1
Check: R code for possible problems
Result: NOTE
    Found the following possibly unsafe calls:
    File ‘gtools/R/unByteCode.R’:
     unlockBinding(name, env = env)
Flavors: r-devel-linux-x86_64-debian-clang, r-devel-linux-x86_64-debian-gcc, r-devel-linux-x86_64-fedora-clang, r-devel-linux-x86_64-fedora-gcc, r-devel-windows-ix86+x86_64, r-patched-linux-x86_64, r-patched-solaris-x86, r-release-linux-x86_64, r-release-windows-ix86+x86_64, r-release-osx-x86_64, r-oldrel-windows-ix86+x86_64, r-oldrel-osx-x86_64