CRAN Package Check Results for Package gtsf

Last updated on 2018-07-17 01:47:05 CEST.

Flavor Version Tinstall Tcheck Ttotal Status Flags
r-devel-linux-x86_64-debian-clang 0.1.0 3.98 41.76 45.74 OK
r-devel-linux-x86_64-debian-gcc 0.1.0 3.26 35.96 39.22 OK
r-devel-linux-x86_64-fedora-clang 0.1.0 62.60 NOTE
r-devel-linux-x86_64-fedora-gcc 0.1.0 53.90 NOTE
r-devel-windows-ix86+x86_64 0.1.0 10.00 56.00 66.00 OK
r-patched-linux-x86_64 0.1.0 2.85 42.35 45.20 OK
r-patched-solaris-x86 0.1.0 83.20 NOTE
r-release-linux-x86_64 0.1.0 2.72 41.35 44.07 OK
r-release-windows-ix86+x86_64 0.1.0 10.00 61.00 71.00 OK
r-release-osx-x86_64 0.1.0 NOTE
r-oldrel-windows-ix86+x86_64 0.1.0 8.00 94.00 102.00 OK
r-oldrel-osx-x86_64 0.1.0 NOTE

Check Details

Version: 0.1.0
Check: dependencies in R code
Result: NOTE
    Namespaces in Imports field not imported from:
     ‘assertthat’ ‘magrittr’ ‘readr’ ‘stringr’ ‘tibble’
     All declared Imports should be used.
Flavors: r-devel-linux-x86_64-fedora-clang, r-devel-linux-x86_64-fedora-gcc, r-patched-solaris-x86, r-release-osx-x86_64, r-oldrel-osx-x86_64

Version: 0.1.0
Check: data for non-ASCII characters
Result: NOTE
     Note: found 5 marked UTF-8 strings
Flavors: r-devel-linux-x86_64-fedora-clang, r-devel-linux-x86_64-fedora-gcc, r-patched-solaris-x86, r-release-osx-x86_64, r-oldrel-osx-x86_64