CRAN Package Check Results for Package hdme

Last updated on 2018-07-17 01:47:05 CEST.

Flavor Version Tinstall Tcheck Ttotal Status Flags
r-devel-linux-x86_64-debian-clang 0.2.0 22.74 87.15 109.89 OK
r-devel-linux-x86_64-debian-gcc 0.2.0 18.50 75.46 93.96 OK
r-devel-linux-x86_64-fedora-clang 0.2.0 159.72 OK
r-devel-linux-x86_64-fedora-gcc 0.2.0 148.92 OK
r-devel-windows-ix86+x86_64 0.2.0 75.00 139.00 214.00 OK
r-patched-linux-x86_64 0.2.0 26.27 91.66 117.93 OK
r-patched-solaris-x86 0.2.0 187.70 OK
r-release-linux-x86_64 0.2.0 23.54 92.71 116.25 OK
r-release-windows-ix86+x86_64 0.2.0 72.00 153.00 225.00 OK
r-release-osx-x86_64 0.2.0 NOTE
r-oldrel-windows-ix86+x86_64 0.2.0 57.00 147.00 204.00 OK
r-oldrel-osx-x86_64 0.2.0 NOTE

Check Details

Version: 0.2.0
Check: package dependencies
Result: NOTE
    Package suggested but not available for checking: ‘Rglpk’
Flavors: r-release-osx-x86_64, r-oldrel-osx-x86_64