Last updated on 2018-07-17 01:47:05 CEST.
Flavor | Version | Tinstall | Tcheck | Ttotal | Status | Flags |
---|---|---|---|---|---|---|
r-devel-linux-x86_64-debian-clang | 0.9.29 | 2.55 | 36.86 | 39.41 | OK | |
r-devel-linux-x86_64-debian-gcc | 0.9.29 | 1.67 | 32.57 | 34.24 | OK | |
r-devel-linux-x86_64-fedora-clang | 0.9.29 | 56.07 | NOTE | |||
r-devel-linux-x86_64-fedora-gcc | 0.9.29 | 50.72 | NOTE | |||
r-devel-windows-ix86+x86_64 | 0.9.29 | 10.00 | 75.00 | 85.00 | OK | |
r-patched-linux-x86_64 | 0.9.29 | 2.29 | 36.73 | 39.02 | OK | |
r-patched-solaris-x86 | 0.9.29 | 84.90 | NOTE | |||
r-release-linux-x86_64 | 0.9.29 | 2.45 | 36.72 | 39.17 | OK | |
r-release-windows-ix86+x86_64 | 0.9.29 | 12.00 | 100.00 | 112.00 | OK | |
r-release-osx-x86_64 | 0.9.29 | NOTE | ||||
r-oldrel-windows-ix86+x86_64 | 0.9.29 | 8.00 | 102.00 | 110.00 | OK | |
r-oldrel-osx-x86_64 | 0.9.29 | NOTE |
Version: 0.9.29
Check: data for non-ASCII characters
Result: NOTE
Note: found 37185 marked UTF-8 strings
Flavors: r-devel-linux-x86_64-fedora-clang, r-devel-linux-x86_64-fedora-gcc, r-patched-solaris-x86, r-release-osx-x86_64, r-oldrel-osx-x86_64