Last updated on 2018-07-17 01:47:06 CEST.
Flavor | Version | Tinstall | Tcheck | Ttotal | Status | Flags |
---|---|---|---|---|---|---|
r-devel-linux-x86_64-debian-clang | 0.0.1 | 3.37 | 37.52 | 40.89 | NOTE | |
r-devel-linux-x86_64-debian-gcc | 0.0.1 | 2.40 | 32.48 | 34.88 | NOTE | |
r-devel-linux-x86_64-fedora-clang | 0.0.1 | 55.14 | NOTE | |||
r-devel-linux-x86_64-fedora-gcc | 0.0.1 | 49.58 | NOTE | |||
r-devel-windows-ix86+x86_64 | 0.0.1 | 9.00 | 53.00 | 62.00 | NOTE | |
r-patched-linux-x86_64 | 0.0.1 | 2.97 | 37.24 | 40.21 | NOTE | |
r-patched-solaris-x86 | 0.0.1 | 71.30 | NOTE | |||
r-release-linux-x86_64 | 0.0.1 | 3.41 | 36.91 | 40.32 | NOTE | |
r-release-windows-ix86+x86_64 | 0.0.1 | 11.00 | 57.00 | 68.00 | NOTE | |
r-release-osx-x86_64 | 0.0.1 | NOTE | ||||
r-oldrel-windows-ix86+x86_64 | 0.0.1 | 7.00 | 51.00 | 58.00 | NOTE | |
r-oldrel-osx-x86_64 | 0.0.1 | NOTE |
Version: 0.0.1
Check: package dependencies
Result: NOTE
Package suggested but not available for checking: ‘hurricaneexposuredata’
Flavors: r-devel-linux-x86_64-debian-clang, r-devel-linux-x86_64-debian-gcc, r-devel-linux-x86_64-fedora-clang, r-devel-linux-x86_64-fedora-gcc, r-devel-windows-ix86+x86_64, r-patched-linux-x86_64, r-patched-solaris-x86, r-release-linux-x86_64, r-release-windows-ix86+x86_64, r-release-osx-x86_64, r-oldrel-windows-ix86+x86_64, r-oldrel-osx-x86_64