CRAN Package Check Results for Package iNEXT

Last updated on 2018-07-17 01:47:06 CEST.

Flavor Version Tinstall Tcheck Ttotal Status Flags
r-devel-linux-x86_64-debian-clang 2.0.15 6.58 165.77 172.35 OK
r-devel-linux-x86_64-debian-gcc 2.0.15 4.94 135.32 140.26 OK
r-devel-linux-x86_64-fedora-clang 2.0.15 238.53 OK
r-devel-linux-x86_64-fedora-gcc 2.0.15 218.34 OK
r-devel-windows-ix86+x86_64 2.0.15 15.00 186.00 201.00 OK
r-patched-linux-x86_64 2.0.15 6.47 179.24 185.71 OK
r-patched-solaris-x86 2.0.15 309.40 OK
r-release-linux-x86_64 2.0.15 5.70 179.91 185.61 OK
r-release-windows-ix86+x86_64 2.0.15 13.00 202.00 215.00 OK
r-release-osx-x86_64 2.0.15 OK
r-oldrel-windows-ix86+x86_64 2.0.15 11.00 136.00 147.00 ERROR
r-oldrel-osx-x86_64 2.0.15 ERROR

Check Details

Version: 2.0.15
Check: examples
Result: ERROR
    Running examples in 'iNEXT-Ex.R' failed
    The error most likely occurred in:
    
    > ### Name: bird
    > ### Title: Bird abundance-based data
    > ### Aliases: bird
    > ### Keywords: datasets
    >
    > ### ** Examples
    >
    > library(ggplot2)
    > data(bird)
    > out <- iNEXT(bird, datatype="abundance")
    > ggiNEXT(out)
    Error in `levels<-`(`*tmp*`, value = if (nl == nL) as.character(labels) else paste0(labels, :
     factor level [2] is duplicated
    Calls: ggiNEXT -> ggiNEXT.iNEXT -> factor
    Execution halted
Flavors: r-oldrel-windows-ix86+x86_64, r-oldrel-osx-x86_64

Version: 2.0.15
Check: re-building of vignette outputs
Result: WARN
    Error in re-building vignettes:
     ...
    Quitting from lines 251-253 (Introduction.Rmd)
    Error: processing vignette 'Introduction.Rmd' failed with diagnostics:
    factor level [2] is duplicated
    Execution halted
Flavor: r-oldrel-windows-ix86+x86_64

Version: 2.0.15
Check: re-building of vignette outputs
Result: WARN
    Error in re-building vignettes:
     ...
    Warning in engine$weave(file, quiet = quiet, encoding = enc) :
     Pandoc (>= 1.12.3) and/or pandoc-citeproc not available. Falling back to R Markdown v1.
    Quitting from lines 251-253 (Introduction.Rmd)
    Error: processing vignette 'Introduction.Rmd' failed with diagnostics:
    factor level [2] is duplicated
    Execution halted
Flavor: r-oldrel-osx-x86_64