CRAN Package Check Results for Package ijtiff

Last updated on 2018-07-17 01:47:06 CEST.

Flavor Version Tinstall Tcheck Ttotal Status Flags
r-devel-linux-x86_64-debian-clang 1.1.0 19.91 32.86 52.77 OK
r-devel-linux-x86_64-debian-gcc 1.1.0 15.96 28.34 44.30 OK
r-devel-linux-x86_64-fedora-clang 1.1.0 75.80 NOTE
r-devel-linux-x86_64-fedora-gcc 1.1.0 67.51 NOTE
r-devel-windows-ix86+x86_64 1.1.0 59.00 74.00 133.00 OK
r-patched-linux-x86_64 1.1.0 18.93 32.27 51.20 OK
r-patched-solaris-x86 1.1.0 80.90 NOTE
r-release-linux-x86_64 1.1.0 19.56 32.46 52.02 OK
r-release-windows-ix86+x86_64 1.1.0 59.00 72.00 131.00 OK
r-release-osx-x86_64 1.1.0 NOTE
r-oldrel-windows-ix86+x86_64 1.1.0 42.00 72.00 114.00 OK
r-oldrel-osx-x86_64 1.1.0 NOTE

Check Details

Version: 1.1.0
Check: dependencies in R code
Result: NOTE
    Namespace in Imports field not imported from: ‘grDevices’
     All declared Imports should be used.
Flavors: r-devel-linux-x86_64-fedora-clang, r-devel-linux-x86_64-fedora-gcc, r-patched-solaris-x86, r-release-osx-x86_64, r-oldrel-osx-x86_64