CRAN Package Check Results for Package jomo

Last updated on 2018-07-17 01:47:07 CEST.

Flavor Version Tinstall Tcheck Ttotal Status Flags
r-devel-linux-x86_64-debian-clang 2.6-2 130.96 171.81 302.77 OK
r-devel-linux-x86_64-debian-gcc 2.6-2 152.13 145.71 297.84 OK
r-devel-linux-x86_64-fedora-clang 2.6-2 397.33 OK
r-devel-linux-x86_64-fedora-gcc 2.6-2 444.44 OK
r-devel-windows-ix86+x86_64 2.6-2 352.00 327.00 679.00 OK
r-patched-linux-x86_64 2.6-2 170.87 175.58 346.45 OK
r-patched-solaris-x86 2.6-2 656.70 ERROR
r-release-linux-x86_64 2.6-2 178.23 176.38 354.61 OK
r-release-windows-ix86+x86_64 2.6-2 341.00 307.00 648.00 OK
r-release-osx-x86_64 2.6-2 OK
r-oldrel-windows-ix86+x86_64 2.6-2 235.00 244.00 479.00 OK
r-oldrel-osx-x86_64 2.6-2 OK

Check Details

Version: 2.6-2
Check: examples
Result: ERROR
    Running examples in ‘jomo-Ex.R’ failed
    The error most likely occurred in:
    
    > ### Name: jomo.glm.MCMCchain
    > ### Title: glm Compatible JM Imputation - A tool to check convergence of
    > ### the MCMC
    > ### Aliases: jomo.glm.MCMCchain
    >
    > ### ** Examples
    >
    > #First of all we load and attach the data:
    >
    > data(sldata)
    > attach(sldata)
    >
    > #Then we make sure sex is a factor:
    >
    > sex<-factor(sex)
    >
    > # we define the data frame with all the variables
    >
    > data<-data.frame(measure,age, sex)
    >
    > # And the formula of the substantive lm model
    > # sex as an outcome only because it is the only binary variable in the dataset...
    >
    > formula<-as.formula(sex~age+measure)
    >
    > #And finally we run the imputation function:
    >
    > imp<-jomo.glm.MCMCchain(formula,data, nburn=10)
    This function is beta software. Use carefully and please report any bug to the package mantainer
    .
     *** caught segfault ***
    address 88000018, cause 'memory not mapped'
    
    Traceback:
     1: jomo.glm.MCMCchain(formula, data, nburn = 10)
    An irrecoverable exception occurred. R is aborting now ...
Flavor: r-patched-solaris-x86