CRAN Package Check Results for Package kergp

Last updated on 2018-07-17 01:47:07 CEST.

Flavor Version Tinstall Tcheck Ttotal Status Flags
r-devel-linux-x86_64-debian-clang 0.2.0 7.31 43.42 50.73 NOTE
r-devel-linux-x86_64-debian-gcc 0.2.0 5.60 35.41 41.01 NOTE
r-devel-linux-x86_64-fedora-clang 0.2.0 61.88 NOTE
r-devel-linux-x86_64-fedora-gcc 0.2.0 59.30 NOTE
r-devel-windows-ix86+x86_64 0.2.0 26.00 77.00 103.00 OK
r-patched-linux-x86_64 0.2.0 5.58 44.82 50.40 NOTE
r-patched-solaris-x86 0.2.0 87.40 OK
r-release-linux-x86_64 0.2.0 6.91 44.79 51.70 NOTE
r-release-windows-ix86+x86_64 0.2.0 27.00 103.00 130.00 OK
r-release-osx-x86_64 0.2.0 OK
r-oldrel-windows-ix86+x86_64 0.2.0 19.00 75.00 94.00 OK
r-oldrel-osx-x86_64 0.2.0 OK

Check Details

Version: 0.2.0
Check: compiled code
Result: NOTE
    File ‘kergp/libs/kergp.so’:
     Found no calls to: ‘R_registerRoutines’, ‘R_useDynamicSymbols’
    
    It is good practice to register native routines and to disable symbol
    search.
    
    See ‘Writing portable packages’ in the ‘Writing R Extensions’ manual.
Flavors: r-devel-linux-x86_64-debian-clang, r-devel-linux-x86_64-debian-gcc, r-devel-linux-x86_64-fedora-clang, r-devel-linux-x86_64-fedora-gcc, r-patched-linux-x86_64, r-release-linux-x86_64