Last updated on 2018-07-17 01:47:07 CEST.
Flavor | Version | Tinstall | Tcheck | Ttotal | Status | Flags |
---|---|---|---|---|---|---|
r-devel-linux-x86_64-debian-clang | 0.12-10 | 3.25 | 36.34 | 39.59 | NOTE | |
r-devel-linux-x86_64-debian-gcc | 0.12-10 | 3.37 | 32.08 | 35.45 | NOTE | |
r-devel-linux-x86_64-fedora-clang | 0.12-10 | 51.51 | NOTE | |||
r-devel-linux-x86_64-fedora-gcc | 0.12-10 | 49.02 | NOTE | |||
r-devel-windows-ix86+x86_64 | 0.12-10 | 10.00 | 49.00 | 59.00 | NOTE | |
r-patched-linux-x86_64 | 0.12-10 | 3.26 | 38.79 | 42.05 | NOTE | |
r-patched-solaris-x86 | 0.12-10 | 75.50 | NOTE | |||
r-release-linux-x86_64 | 0.12-10 | 5.15 | 38.97 | 44.12 | NOTE | |
r-release-windows-ix86+x86_64 | 0.12-10 | 10.00 | 70.00 | 80.00 | NOTE | |
r-release-osx-x86_64 | 0.12-10 | NOTE | ||||
r-oldrel-windows-ix86+x86_64 | 0.12-10 | 5.00 | 55.00 | 60.00 | NOTE | |
r-oldrel-osx-x86_64 | 0.12-10 | NOTE |
Version: 0.12-10
Check: package dependencies
Result: NOTE
Package which this enhances but not available for checking: ‘rkward’
Flavors: r-devel-linux-x86_64-debian-clang, r-devel-linux-x86_64-debian-gcc, r-devel-linux-x86_64-fedora-clang, r-devel-linux-x86_64-fedora-gcc, r-devel-windows-ix86+x86_64, r-patched-linux-x86_64, r-patched-solaris-x86, r-release-linux-x86_64, r-release-windows-ix86+x86_64, r-release-osx-x86_64, r-oldrel-windows-ix86+x86_64, r-oldrel-osx-x86_64
Version: 0.12-10
Check: R code for possible problems
Result: NOTE
distrct.analysis : <anonymous> : <anonymous>: no visible global
function definition for ‘cor’
grand.table: no visible global function definition for ‘write.csv2’
grand.table: no visible global function definition for ‘write.csv’
klausur: no visible global function definition for ‘sd’
klausur: no visible global function definition for ‘na.omit’
klausur.gen.marks : suggestion : <anonymous>: no visible global
function definition for ‘qnorm’
klausur.mufo: no visible global function definition for ‘sd’
klausur.report: no visible global function definition for ‘dev.off’
klausur.report : tabellenbau: no visible global function definition for
‘capture.output’
plot,klausuR-missing: no visible global function definition for
‘na.omit’
plot,klausuR-missing: no visible global function definition for ‘sd’
plot,klausuR-missing : <anonymous>: no visible global function
definition for ‘dnorm’
Undefined global functions or variables:
capture.output cor dev.off dnorm na.omit qnorm sd write.csv
write.csv2
Consider adding
importFrom("grDevices", "dev.off")
importFrom("stats", "cor", "dnorm", "na.omit", "qnorm", "sd")
importFrom("utils", "capture.output", "write.csv", "write.csv2")
to your NAMESPACE file.
Flavors: r-devel-linux-x86_64-debian-clang, r-devel-linux-x86_64-debian-gcc, r-devel-linux-x86_64-fedora-clang, r-devel-linux-x86_64-fedora-gcc, r-devel-windows-ix86+x86_64, r-patched-linux-x86_64, r-patched-solaris-x86, r-release-linux-x86_64, r-release-windows-ix86+x86_64, r-release-osx-x86_64, r-oldrel-windows-ix86+x86_64, r-oldrel-osx-x86_64
Version: 0.12-10
Check: data for non-ASCII characters
Result: NOTE
Note: found 8 marked UTF-8 strings
Flavors: r-devel-linux-x86_64-fedora-clang, r-devel-linux-x86_64-fedora-gcc, r-patched-solaris-x86, r-release-osx-x86_64, r-oldrel-osx-x86_64