CRAN Package Check Results for Package lazyData

Last updated on 2018-07-17 01:47:08 CEST.

Flavor Version Tinstall Tcheck Ttotal Status Flags
r-devel-linux-x86_64-debian-clang 1.1.0 0.76 17.20 17.96 NOTE
r-devel-linux-x86_64-debian-gcc 1.1.0 0.64 15.05 15.69 NOTE
r-devel-linux-x86_64-fedora-clang 1.1.0 22.89 OK
r-devel-linux-x86_64-fedora-gcc 1.1.0 22.07 OK
r-devel-windows-ix86+x86_64 1.1.0 3.00 32.00 35.00 OK
r-patched-linux-x86_64 1.1.0 0.77 17.62 18.39 NOTE
r-patched-solaris-x86 1.1.0 35.50 OK
r-release-linux-x86_64 1.1.0 0.82 17.40 18.22 NOTE
r-release-windows-ix86+x86_64 1.1.0 3.00 41.00 44.00 OK
r-release-osx-x86_64 1.1.0 OK
r-oldrel-windows-ix86+x86_64 1.1.0 2.00 26.00 28.00 OK
r-oldrel-osx-x86_64 1.1.0 OK

Check Details

Version: 1.1.0
Check: R code for possible problems
Result: NOTE
    Found the following calls to attach():
    File ‘lazyData/R/requireData.R’:
     attach(NULL, pos = pos, name = searchDataName)
    See section ‘Good practice’ in ‘?attach’.
Flavors: r-devel-linux-x86_64-debian-clang, r-devel-linux-x86_64-debian-gcc, r-patched-linux-x86_64, r-release-linux-x86_64