CRAN Package Check Results for Package lazyrmd

Last updated on 2018-07-17 01:47:08 CEST.

Flavor Version Tinstall Tcheck Ttotal Status Flags
r-devel-linux-x86_64-debian-clang 0.2.0 1.72 26.40 28.12 WARN
r-devel-linux-x86_64-debian-gcc 0.2.0 1.34 23.40 24.74 WARN
r-devel-linux-x86_64-fedora-clang 0.2.0 35.95 WARN
r-devel-linux-x86_64-fedora-gcc 0.2.0 33.85 WARN
r-devel-windows-ix86+x86_64 0.2.0 5.00 66.00 71.00 WARN
r-patched-linux-x86_64 0.2.0 1.40 25.80 27.20 OK
r-patched-solaris-x86 0.2.0 55.10 OK
r-release-linux-x86_64 0.2.0 1.52 25.59 27.11 OK
r-release-windows-ix86+x86_64 0.2.0 4.00 49.00 53.00 OK
r-release-osx-x86_64 0.2.0 OK
r-oldrel-windows-ix86+x86_64 0.2.0 4.00 64.00 68.00 OK
r-oldrel-osx-x86_64 0.2.0 OK

Check Details

Version: 0.2.0
Check: for unstated dependencies in ‘tests’
Result: WARN
    '::' or ':::' import not declared from: ‘lintr’
    'library' or 'require' call not declared from: ‘lintr’
Flavors: r-devel-linux-x86_64-debian-clang, r-devel-linux-x86_64-debian-gcc, r-devel-linux-x86_64-fedora-clang, r-devel-linux-x86_64-fedora-gcc, r-devel-windows-ix86+x86_64