CRAN Package Check Results for Package leafletCN

Last updated on 2018-07-17 01:47:08 CEST.

Flavor Version Tinstall Tcheck Ttotal Status Flags
r-devel-linux-x86_64-debian-clang 0.2.1 3.25 37.93 41.18 OK
r-devel-linux-x86_64-debian-gcc 0.2.1 2.74 33.93 36.67 OK
r-devel-linux-x86_64-fedora-clang 0.2.1 51.67 NOTE
r-devel-linux-x86_64-fedora-gcc 0.2.1 50.45 NOTE
r-devel-windows-ix86+x86_64 0.2.1 20.00 84.00 104.00 NOTE
r-patched-linux-x86_64 0.2.1 3.38 38.84 42.22 OK
r-patched-solaris-x86 0.2.1 79.60 NOTE
r-release-linux-x86_64 0.2.1 3.08 38.48 41.56 OK
r-release-windows-ix86+x86_64 0.2.1 15.00 71.00 86.00 NOTE
r-release-osx-x86_64 0.2.1 NOTE
r-oldrel-windows-ix86+x86_64 0.2.1 10.00 86.00 96.00 NOTE
r-oldrel-osx-x86_64 0.2.1 NOTE

Check Details

Version: 0.2.1
Check: installed package size
Result: NOTE
     installed size is 12.1Mb
     sub-directories of 1Mb or more:
     geojson 11.9Mb
Flavors: r-devel-linux-x86_64-fedora-clang, r-devel-windows-ix86+x86_64, r-patched-solaris-x86, r-release-windows-ix86+x86_64, r-release-osx-x86_64, r-oldrel-windows-ix86+x86_64, r-oldrel-osx-x86_64

Version: 0.2.1
Check: dependencies in R code
Result: NOTE
    Namespace in Imports field not imported from: ‘rgeos’
     All declared Imports should be used.
Flavors: r-devel-linux-x86_64-fedora-clang, r-devel-linux-x86_64-fedora-gcc, r-patched-solaris-x86, r-release-osx-x86_64, r-oldrel-osx-x86_64

Version: 0.2.1
Check: data for non-ASCII characters
Result: NOTE
     Note: found 1096 marked UTF-8 strings
Flavors: r-devel-linux-x86_64-fedora-clang, r-devel-linux-x86_64-fedora-gcc, r-patched-solaris-x86, r-release-osx-x86_64, r-oldrel-osx-x86_64