CRAN Package Check Results for Package learningCurve

Last updated on 2018-07-17 01:47:08 CEST.

Flavor Version Tinstall Tcheck Ttotal Status Flags
r-devel-linux-x86_64-debian-clang 1.1.2 2.43 42.43 44.86 OK
r-devel-linux-x86_64-debian-gcc 1.1.2 2.29 35.92 38.21 OK
r-devel-linux-x86_64-fedora-clang 1.1.2 56.09 NOTE
r-devel-linux-x86_64-fedora-gcc 1.1.2 53.70 NOTE
r-devel-windows-ix86+x86_64 1.1.2 10.00 52.00 62.00 OK
r-patched-linux-x86_64 1.1.2 1.91 42.11 44.02 OK
r-patched-solaris-x86 1.1.2 81.30 NOTE
r-release-linux-x86_64 1.1.2 2.22 41.70 43.92 OK
r-release-windows-ix86+x86_64 1.1.2 12.00 65.00 77.00 OK
r-release-osx-x86_64 1.1.2 NOTE
r-oldrel-windows-ix86+x86_64 1.1.2 6.00 62.00 68.00 OK
r-oldrel-osx-x86_64 1.1.2 NOTE

Check Details

Version: 1.1.2
Check: dependencies in R code
Result: NOTE
    Namespaces in Imports field not imported from:
     ‘gridExtra’ ‘scales’ ‘tibble’
     All declared Imports should be used.
Flavors: r-devel-linux-x86_64-fedora-clang, r-devel-linux-x86_64-fedora-gcc, r-patched-solaris-x86, r-release-osx-x86_64, r-oldrel-osx-x86_64