CRAN Package Check Results for Package lime

Last updated on 2018-07-17 01:47:08 CEST.

Flavor Version Tinstall Tcheck Ttotal Status Flags
r-devel-linux-x86_64-debian-clang 0.4.0 34.99 120.94 155.93 OK
r-devel-linux-x86_64-debian-gcc 0.4.0 28.35 100.88 129.23 OK
r-devel-linux-x86_64-fedora-clang 0.4.0 206.12 OK
r-devel-linux-x86_64-fedora-gcc 0.4.0 194.89 OK
r-devel-windows-ix86+x86_64 0.4.0 95.00 366.00 461.00 WARN
r-patched-linux-x86_64 0.4.0 37.37 112.72 150.09 OK
r-patched-solaris-x86 0.4.0 604.40 WARN
r-release-linux-x86_64 0.4.0 35.39 112.05 147.44 OK
r-release-windows-ix86+x86_64 0.4.0 101.00 344.00 445.00 ERROR
r-release-osx-x86_64 0.4.0 WARN
r-oldrel-windows-ix86+x86_64 0.4.0 60.00 374.00 434.00 OK
r-oldrel-osx-x86_64 0.4.0 WARN

Check Details

Version: 0.4.0
Check: whether package can be installed
Result: WARN
    Found the following significant warnings:
     Warning: S3 methods '[.fun_list', '[.grouped_df', 'all.equal.tbl_df', 'anti_join.data.frame', 'anti_join.tbl_df', 'arrange.data.frame', 'arrange.default', 'arrange.grouped_df', 'arrange.tbl_df', 'arrange_.data.frame', 'arrange_.tbl_df', 'as.data.frame.grouped_df', 'as.data.frame.rowwise_df', 'as.data.frame.tbl_cube', 'as.data.frame.tbl_df', 'as.table.tbl_cube', 'as.tbl.data.frame', 'as.tbl.tbl', 'as.tbl_cube.array', 'as.tbl_cube.data.frame', 'as.tbl_cube.matrix', 'as.tbl_cube.table', 'as_data_frame.grouped_df', 'as_data_frame.tbl_cube', 'auto_copy.tbl_cube', 'auto_copy.tbl_df', 'cbind.grouped_df', 'collapse.data.frame', 'collect.data.frame', 'common_by.NULL', 'common_by.character', 'common_by.default', 'common_by.list', 'compute.data.frame', 'copy_to.DBIConnection', 'copy_to.src_local', 'default_missing.data.frame', 'default_missing.default', 'dim.tbl_cube', 'distinct.data.frame', 'distinct.default', 'distinct.grouped_df', 'distinct.tbl_df', 'distinct_.data.frame', 'distinct_.grouped_df', 'dist [... truncated]
Flavor: r-devel-windows-ix86+x86_64

Version: 0.4.0
Check: re-building of vignette outputs
Result: WARN
    Error in re-building vignettes:
     ...
    Warning in engine$weave(file, quiet = quiet, encoding = enc) :
     Pandoc (>= 1.12.3) and/or pandoc-citeproc not available. Falling back to R Markdown v1.
    Quitting from lines 272-273 (Understanding_lime.Rmd)
    Error: processing vignette 'Understanding_lime.Rmd' failed with diagnostics:
    there is no package called 'webshot'
    Execution halted
Flavor: r-patched-solaris-x86

Version: 0.4.0
Check: running tests for arch ‘x64’
Result: ERROR
     Running 'testthat.R' [154s]
    Running the tests in 'tests/testthat.R' failed.
    Complete output:
     > library(testthat)
     > library(lime)
     >
     > test_check("lime")
    
     H2O is not running yet, starting it now...
    
     Note: In case of errors look at the following log files:
     D:\temp\RtmpABy2pc/h2o_CRAN_started_from_r.out
     D:\temp\RtmpABy2pc/h2o_CRAN_started_from_r.err
    
     java version "1.8.0_144"
     Java(TM) SE Runtime Environment (build 1.8.0_144-b01)
     Java HotSpot(TM) 64-Bit Server VM (build 25.144-b01, mixed mode)
    
     Starting H2O JVM and connecting: ............................................................Cannot load library from path lib/windows_64/xgboost4j_gpu.dll
     Cannot load library from path lib/xgboost4j_gpu.dll
     Failed to load library from both native path and jar!
     Cannot load library from path lib/windows_64/xgboost4j_omp.dll
     Cannot load library from path lib/xgboost4j_omp.dll
     Failed to load library from both native path and jar!
     Cannot load library from path lib/windows_64/xgboost4j_minimal.dll
     Cannot load library from path lib/xgboost4j_minimal.dll
     Failed to load library from both native path and jar!
     07-14 13:39:22.953 127.0.0.1:54321 93748 main INFO: Cannot initialize XGBoost backend! Xgboost (enabled GPUs) needs:
     07-14 13:39:22.953 127.0.0.1:54321 93748 main INFO: - CUDA 8.0
     07-14 13:39:22.953 127.0.0.1:54321 93748 main INFO: XGboost (minimal version) needs:
     07-14 13:39:22.953 127.0.0.1:54321 93748 main INFO: - GCC 4.7+
     07-14 13:39:22.953 127.0.0.1:54321 93748 main INFO: For more details, run in debug mode: `java -Dlog4j.configuration=file:///tmp/log4j.properties -jar h2o.jar`
     07-14 13:39:22.969 127.0.0.1:54321 93748 main INFO: ----- H2O started -----
     07-14 13:39:22.969 127.0.0.1:54321 93748 main INFO: Build git branch: rel-wright
     07-14 13:39:22.969 127.0.0.1:54321 93748 main INFO: Build git hash: 24410cf788602f231fd699037bdaff0ad20b4d1a
     07-14 13:39:22.969 127.0.0.1:54321 93748 main INFO: Build git describe: jenkins-3.20.0.1-26-g24410cf
     07-14 13:39:22.969 127.0.0.1:54321 93748 main INFO: Build age: 28 days and 19 hours
     07-14 13:39:22.969 127.0.0.1:54321 93748 main INFO: Built by: 'jenkins'
     07-14 13:39:22.969 127.0.0.1:54321 93748 main INFO: Built on: '2018-06-15 18:39:02'
     07-14 13:39:22.969 127.0.0.1:54321 93748 main INFO: Watchdog Build git branch: (unknown)
     07-14 13:39:22.969 127.0.0.1:54321 93748 main INFO: Watchdog Build git hash: (unknown)
     07-14 13:39:22.969 127.0.0.1:54321 93748 main INFO: Watchdog Build git describe: (unknown)
     07-14 13:39:22.969 127.0.0.1:54321 93748 main INFO: Watchdog Build project version: (unknown)
     07-14 13:39:22.969 127.0.0.1:54321 93748 main INFO: Watchdog Built by: (unknown)
     07-14 13:39:22.969 127.0.0.1:54321 93748 main INFO: Watchdog Built on: (unknown)
     07-14 13:39:22.969 127.0.0.1:54321 93748 main INFO: KrbStandalone Build git branch: (unknown)
     07-14 13:39:22.969 127.0.0.1:54321 93748 main INFO: KrbStandalone Build git hash: (unknown)
     07-14 13:39:22.969 127.0.0.1:54321 93748 main INFO: KrbStandalone Build git describe: (unknown)
     07-14 13:39:22.969 127.0.0.1:54321 93748 main INFO: KrbStandalone Build project version: (unknown)
     07-14 13:39:22.969 127.0.0.1:54321 93748 main INFO: KrbStandalone Built by: (unknown)
     07-14 13:39:22.969 127.0.0.1:54321 93748 main INFO: KrbStandalone Built on: (unknown)
     07-14 13:39:22.969 127.0.0.1:54321 93748 main INFO: Processed H2O arguments: [-name, H2O_started_from_R_CRAN_sos430, -ip, localhost, -port, 54321, -ice_root, D:/temp/RtmpABy2pc]
     07-14 13:39:22.969 127.0.0.1:54321 93748 main INFO: Java availableProcessors: 32
     07-14 13:39:22.969 127.0.0.1:54321 93748 main INFO: Java heap totalMemory: 491,0 MB
     07-14 13:39:22.969 127.0.0.1:54321 93748 main INFO: Java heap maxMemory: 7,10 GB
     07-14 13:39:22.969 127.0.0.1:54321 93748 main INFO: Java version: Java 1.8.0_144 (from Oracle Corporation)
     07-14 13:39:22.969 127.0.0.1:54321 93748 main INFO: JVM launch parameters: [-ea]
     07-14 13:39:22.969 127.0.0.1:54321 93748 main INFO: OS version: Windows Server 2008 6.0 (amd64)
     07-14 13:39:22.969 127.0.0.1:54321 93748 main INFO: Machine physical memory: 31,97 GB
     07-14 13:39:22.969 127.0.0.1:54321 93748 main INFO: X-h2o-cluster-id: 1531568362298
     07-14 13:39:22.969 127.0.0.1:54321 93748 main INFO: User name: 'CRAN'
     07-14 13:39:22.969 127.0.0.1:54321 93748 main INFO: IPv6 stack selected: false
     07-14 13:39:22.969 127.0.0.1:54321 93748 main INFO: Possible IP Address: lo (Software Loopback Interface 1), 127.0.0.1
     07-14 13:39:22.969 127.0.0.1:54321 93748 main INFO: Possible IP Address: lo (Software Loopback Interface 1), 0:0:0:0:0:0:0:1
     07-14 13:39:22.969 127.0.0.1:54321 93748 main INFO: Network interface is down: name:net0 (WAN Miniport (SSTP))
     07-14 13:39:22.969 127.0.0.1:54321 93748 main INFO: Network interface is down: name:net1 (WAN-Miniport (L2TP))
     07-14 13:39:22.969 127.0.0.1:54321 93748 main INFO: Network interface is down: name:net2 (WAN-Miniport (PPTP))
     07-14 13:39:22.969 127.0.0.1:54321 93748 main INFO: Network interface is down: name:ppp0 (WAN-Miniport (PPPOE))
     07-14 13:39:22.969 127.0.0.1:54321 93748 main INFO: Network interface is down: name:eth0 (WAN-Miniport (IPv6))
     07-14 13:39:22.969 127.0.0.1:54321 93748 main INFO: Network interface is down: name:eth1 (WAN-Miniport (Netzwerkmonitor))
     07-14 13:39:22.969 127.0.0.1:54321 93748 main INFO: Network interface is down: name:eth2 (WAN-Miniport (IP))
     07-14 13:39:22.969 127.0.0.1:54321 93748 main INFO: Network interface is down: name:ppp1 (Asynchroner RAS-Adapter)
     07-14 13:39:22.969 127.0.0.1:54321 93748 main INFO: Possible IP Address: eth3 (Intel(R) I350 Gigabit Network Connection), 129.217.207.166
     07-14 13:39:22.969 127.0.0.1:54321 93748 main INFO: Possible IP Address: eth3 (Intel(R) I350 Gigabit Network Connection), fe80:0:0:0:cc05:e98e:b6e0:c56%eth3
     07-14 13:39:22.969 127.0.0.1:54321 93748 main INFO: Network interface is down: name:eth4 (Intel(R) I350 Gigabit Network Connection #2)
     07-14 13:39:22.969 127.0.0.1:54321 93748 main INFO: Network interface is down: name:net3 (Teredo Tunneling Pseudo-Interface)
     07-14 13:39:22.969 127.0.0.1:54321 93748 main INFO: Network interface is down: name:net4 (isatap.{6BC18176-0FB9-46E7-960C-50DAE84BF2BA})
     07-14 13:39:22.969 127.0.0.1:54321 93748 main INFO: Network interface is down: name:net5 (isatap.{4491A88D-F459-4267-B729-873A2135E3F5})
     07-14 13:39:22.969 127.0.0.1:54321 93748 main INFO: Possible IP Address: net6 (6TO4 Adapter), 2002:81d9:cfa6:0:0:0:81d9:cfa6
     07-14 13:39:22.969 127.0.0.1:54321 93748 main INFO: Network interface is down: name:eth5 (WAN-Miniport (IPv6)-QoS Packet Scheduler-0000)
     07-14 13:39:22.969 127.0.0.1:54321 93748 main INFO: Network interface is down: name:eth6 (WAN-Miniport (IP)-QoS Packet Scheduler-0000)
     07-14 13:39:22.969 127.0.0.1:54321 93748 main INFO: Network interface is down: name:eth7 (WAN-Miniport (Netzwerkmonitor)-QoS Packet Scheduler-0000)
     07-14 13:39:22.969 127.0.0.1:54321 93748 main INFO: Network interface is down: name:eth8 (Intel(R) I350 Gigabit Network Connection #2-QoS Packet Scheduler-0000)
     07-14 13:39:22.969 127.0.0.1:54321 93748 main INFO: Network interface is down: name:eth9 (Intel(R) I350 Gigabit Network Connection-QoS Packet Scheduler-0000)
     07-14 13:39:22.969 127.0.0.1:54321 93748 main FATAL: On localhost/127.0.0.1 some of the required ports 54321, 54322 are not available, change -port PORT and try again.
     [1] "localhost"
     [1] 54321
     [1] TRUE
     [1] -1
     [1] "Failed to connect to localhost port 54321: Connection refused"
     curl: (1) Protocol "'http" not supported or disabled in libcurl
     [1] 1
     -- 1. Error: (unknown) (@test-h2o.R#4) ----------------------------------------
     H2O failed to start, stopping execution.
     1: h2o.init() at testthat/test-h2o.R:4
     2: stop("H2O failed to start, stopping execution.")
    
     == testthat results ===========================================================
     OK: 22 SKIPPED: 0 FAILED: 1
     1. Error: (unknown) (@test-h2o.R#4)
    
     Error: testthat unit tests failed
     Execution halted
Flavor: r-release-windows-ix86+x86_64

Version: 0.4.0
Check: re-building of vignette outputs
Result: WARN
    Error in re-building vignettes:
     ...
    Warning in engine$weave(file, quiet = quiet, encoding = enc) :
     Pandoc (>= 1.12.3) and/or pandoc-citeproc not available. Falling back to R Markdown v1.
    Quitting from lines 272-273 (Understanding_lime.Rmd)
    Error: processing vignette 'Understanding_lime.Rmd' failed with diagnostics:
    cannot open the connection
    Execution halted
Flavors: r-release-osx-x86_64, r-oldrel-osx-x86_64