CRAN Package Check Results for Package listdtr

Last updated on 2018-07-17 01:47:08 CEST.

Flavor Version Tinstall Tcheck Ttotal Status Flags
r-devel-linux-x86_64-debian-clang 1.0 4.61 37.41 42.02 NOTE
r-devel-linux-x86_64-debian-gcc 1.0 3.79 31.35 35.14 NOTE
r-devel-linux-x86_64-fedora-clang 1.0 52.51 NOTE
r-devel-linux-x86_64-fedora-gcc 1.0 50.03 NOTE
r-devel-windows-ix86+x86_64 1.0 29.00 73.00 102.00 OK
r-patched-linux-x86_64 1.0 4.79 36.89 41.68 NOTE
r-patched-solaris-x86 1.0 79.50 OK
r-release-linux-x86_64 1.0 4.52 36.51 41.03 NOTE
r-release-windows-ix86+x86_64 1.0 22.00 94.00 116.00 OK
r-release-osx-x86_64 1.0 OK
r-oldrel-windows-ix86+x86_64 1.0 15.00 99.00 114.00 OK
r-oldrel-osx-x86_64 1.0 OK

Check Details

Version: 1.0
Check: compiled code
Result: NOTE
    File ‘listdtr/libs/listdtr.so’:
     Found no calls to: ‘R_registerRoutines’, ‘R_useDynamicSymbols’
    
    It is good practice to register native routines and to disable symbol
    search.
    
    See ‘Writing portable packages’ in the ‘Writing R Extensions’ manual.
Flavors: r-devel-linux-x86_64-debian-clang, r-devel-linux-x86_64-debian-gcc, r-devel-linux-x86_64-fedora-clang, r-devel-linux-x86_64-fedora-gcc, r-patched-linux-x86_64, r-release-linux-x86_64