CRAN Package Check Results for Package logKDE

Last updated on 2018-07-17 01:47:08 CEST.

Flavor Version Tinstall Tcheck Ttotal Status Flags
r-devel-linux-x86_64-debian-clang 0.1.0 13.76 24.91 38.67 OK
r-devel-linux-x86_64-debian-gcc 0.1.0 12.34 22.90 35.24 OK
r-devel-linux-x86_64-fedora-clang 0.1.0 55.00 OK
r-devel-linux-x86_64-fedora-gcc 0.1.0 51.61 OK
r-devel-windows-ix86+x86_64 0.1.0 42.00 79.00 121.00 OK
r-patched-linux-x86_64 0.1.0 14.79 25.71 40.50 OK
r-patched-solaris-x86 0.1.0 17.10 ERROR
r-release-linux-x86_64 0.1.0 15.11 25.86 40.97 OK
r-release-windows-ix86+x86_64 0.1.0 45.00 74.00 119.00 OK
r-release-osx-x86_64 0.1.0 OK
r-oldrel-windows-ix86+x86_64 0.1.0 34.00 71.00 105.00 OK
r-oldrel-osx-x86_64 0.1.0 OK

Check Details

Version: 0.1.0
Check: whether package can be installed
Result: ERROR
    Installation failed.
Flavor: r-patched-solaris-x86