CRAN Package Check Results for Package lpSolve

Last updated on 2018-07-17 01:47:08 CEST.

Flavor Version Tinstall Tcheck Ttotal Status Flags
r-devel-linux-x86_64-debian-clang 5.6.13 28.62 17.47 46.09 NOTE
r-devel-linux-x86_64-debian-gcc 5.6.13 21.41 15.32 36.73 NOTE
r-devel-linux-x86_64-fedora-clang 5.6.13 59.18 NOTE
r-devel-linux-x86_64-fedora-gcc 5.6.13 58.29 NOTE
r-devel-windows-ix86+x86_64 5.6.13 172.00 38.00 210.00 OK
r-patched-linux-x86_64 5.6.13 28.51 18.17 46.68 NOTE
r-patched-solaris-x86 5.6.13 91.80 OK
r-release-linux-x86_64 5.6.13 28.65 18.05 46.70 NOTE
r-release-windows-ix86+x86_64 5.6.13 188.00 37.00 225.00 OK
r-release-osx-x86_64 5.6.13 OK
r-oldrel-windows-ix86+x86_64 5.6.13 131.00 37.00 168.00 OK
r-oldrel-osx-x86_64 5.6.13 OK

Check Details

Version: 5.6.13
Check: compiled code
Result: NOTE
    File ‘lpSolve/libs/lpSolve.so’:
     Found no calls to: ‘R_registerRoutines’, ‘R_useDynamicSymbols’
    
    It is good practice to register native routines and to disable symbol
    search.
    
    See ‘Writing portable packages’ in the ‘Writing R Extensions’ manual.
Flavors: r-devel-linux-x86_64-debian-clang, r-devel-linux-x86_64-debian-gcc, r-devel-linux-x86_64-fedora-clang, r-devel-linux-x86_64-fedora-gcc, r-patched-linux-x86_64, r-release-linux-x86_64