CRAN Package Check Results for Package lpSolveAPI

Last updated on 2018-07-17 01:47:08 CEST.

Flavor Version Tinstall Tcheck Ttotal Status Flags
r-devel-linux-x86_64-debian-clang 5.5.2.0-17 29.44 24.11 53.55 NOTE
r-devel-linux-x86_64-debian-gcc 5.5.2.0-17 22.41 21.54 43.95 NOTE
r-devel-linux-x86_64-fedora-clang 5.5.2.0-17 68.97 NOTE
r-devel-linux-x86_64-fedora-gcc 5.5.2.0-17 68.77 NOTE
r-devel-windows-ix86+x86_64 5.5.2.0-17 159.00 53.00 212.00 OK
r-patched-linux-x86_64 5.5.2.0-17 30.40 26.14 56.54 NOTE
r-patched-solaris-x86 5.5.2.0-17 106.30 OK
r-release-linux-x86_64 5.5.2.0-17 29.36 26.22 55.58 NOTE
r-release-windows-ix86+x86_64 5.5.2.0-17 165.00 51.00 216.00 OK
r-release-osx-x86_64 5.5.2.0-17 OK
r-oldrel-windows-ix86+x86_64 5.5.2.0-17 114.00 48.00 162.00 OK
r-oldrel-osx-x86_64 5.5.2.0-17 OK

Additional issues

valgrind

Check Details

Version: 5.5.2.0-17
Check: compiled code
Result: NOTE
    File ‘lpSolveAPI/libs/lpSolveAPI.so’:
     Found no call to: ‘R_useDynamicSymbols’
    
    It is good practice to register native routines and to disable symbol
    search.
    
    See ‘Writing portable packages’ in the ‘Writing R Extensions’ manual.
Flavors: r-devel-linux-x86_64-debian-clang, r-devel-linux-x86_64-debian-gcc, r-devel-linux-x86_64-fedora-clang, r-devel-linux-x86_64-fedora-gcc, r-patched-linux-x86_64, r-release-linux-x86_64