Last updated on 2018-07-17 01:47:08 CEST.
Flavor | Version | Tinstall | Tcheck | Ttotal | Status | Flags |
---|---|---|---|---|---|---|
r-devel-linux-x86_64-debian-clang | 0.73.1 | 1.98 | 28.59 | 30.57 | NOTE | |
r-devel-linux-x86_64-debian-gcc | 0.73.1 | 1.92 | 26.02 | 27.94 | NOTE | |
r-devel-linux-x86_64-fedora-clang | 0.73.1 | 38.36 | NOTE | |||
r-devel-linux-x86_64-fedora-gcc | 0.73.1 | 37.52 | NOTE | |||
r-devel-windows-ix86+x86_64 | 0.73.1 | 7.00 | 60.00 | 67.00 | NOTE | |
r-patched-linux-x86_64 | 0.73.1 | 1.75 | 29.76 | 31.51 | NOTE | |
r-patched-solaris-x86 | 0.73.1 | 61.90 | NOTE | |||
r-release-linux-x86_64 | 0.73.1 | 1.81 | 29.61 | 31.42 | NOTE | |
r-release-windows-ix86+x86_64 | 0.73.1 | 6.00 | 62.00 | 68.00 | NOTE | |
r-release-osx-x86_64 | 0.73.1 | NOTE | ||||
r-oldrel-windows-ix86+x86_64 | 0.73.1 | 4.00 | 56.00 | 60.00 | NOTE | |
r-oldrel-osx-x86_64 | 0.73.1 | NOTE |
Version: 0.73.1
Check: R code for possible problems
Result: NOTE
associate: no visible global function definition for ‘cor’
textmatrix: no visible global function definition for ‘xtabs’
textvector: no visible global function definition for ‘data’
Undefined global functions or variables:
cor data xtabs
Consider adding
importFrom("stats", "cor", "xtabs")
importFrom("utils", "data")
to your NAMESPACE file.
Flavors: r-devel-linux-x86_64-debian-clang, r-devel-linux-x86_64-debian-gcc, r-devel-linux-x86_64-fedora-clang, r-devel-linux-x86_64-fedora-gcc, r-devel-windows-ix86+x86_64, r-patched-linux-x86_64, r-patched-solaris-x86, r-release-linux-x86_64, r-release-windows-ix86+x86_64, r-release-osx-x86_64, r-oldrel-windows-ix86+x86_64, r-oldrel-osx-x86_64
Version: 0.73.1
Check: data for non-ASCII characters
Result: NOTE
Note: found 143 marked Latin-1 strings
Note: found 833 marked UTF-8 strings
Flavors: r-devel-linux-x86_64-fedora-clang, r-devel-linux-x86_64-fedora-gcc, r-patched-solaris-x86, r-release-osx-x86_64, r-oldrel-osx-x86_64