CRAN Package Check Results for Package ludic

Last updated on 2018-07-17 01:47:08 CEST.

Flavor Version Tinstall Tcheck Ttotal Status Flags
r-devel-linux-x86_64-debian-clang 0.1.6 72.90 94.87 167.77 OK
r-devel-linux-x86_64-debian-gcc 0.1.6 63.09 83.84 146.93 OK
r-devel-linux-x86_64-fedora-clang 0.1.6 226.50 NOTE
r-devel-linux-x86_64-fedora-gcc 0.1.6 220.50 OK
r-devel-windows-ix86+x86_64 0.1.6 168.00 149.00 317.00 OK
r-patched-linux-x86_64 0.1.6 72.49 87.69 160.18 OK
r-patched-solaris-x86 0.1.6 250.10 OK
r-release-linux-x86_64 0.1.6 74.61 88.54 163.15 OK
r-release-windows-ix86+x86_64 0.1.6 181.00 171.00 352.00 OK
r-release-osx-x86_64 0.1.6 NOTE
r-oldrel-windows-ix86+x86_64 0.1.6 125.00 124.00 249.00 OK
r-oldrel-osx-x86_64 0.1.6 NOTE

Check Details

Version: 0.1.6
Check: installed package size
Result: NOTE
     installed size is 5.6Mb
     sub-directories of 1Mb or more:
     data 2.1Mb
     libs 3.3Mb
Flavors: r-devel-linux-x86_64-fedora-clang, r-release-osx-x86_64, r-oldrel-osx-x86_64