CRAN Package Check Results for Package mdsr

Last updated on 2018-07-17 01:47:09 CEST.

Flavor Version Tinstall Tcheck Ttotal Status Flags
r-devel-linux-x86_64-debian-clang 0.1.6 17.71 107.01 124.72 OK
r-devel-linux-x86_64-debian-gcc 0.1.6 16.32 91.07 107.39 OK
r-devel-linux-x86_64-fedora-clang 0.1.6 154.85 NOTE
r-devel-linux-x86_64-fedora-gcc 0.1.6 152.18 NOTE
r-devel-windows-ix86+x86_64 0.1.6 38.00 122.00 160.00 NOTE
r-patched-linux-x86_64 0.1.6 15.17 98.82 113.99 OK
r-patched-solaris-x86 0.1.6 231.80 NOTE
r-release-linux-x86_64 0.1.6 15.05 98.33 113.38 OK
r-release-windows-ix86+x86_64 0.1.6 38.00 164.00 202.00 NOTE
r-release-osx-x86_64 0.1.6 NOTE
r-oldrel-windows-ix86+x86_64 0.1.6 28.00 191.00 219.00 NOTE
r-oldrel-osx-x86_64 0.1.6 NOTE

Check Details

Version: 0.1.6
Check: installed package size
Result: NOTE
     installed size is 5.5Mb
     sub-directories of 1Mb or more:
     data 5.4Mb
Flavors: r-devel-linux-x86_64-fedora-clang, r-devel-windows-ix86+x86_64, r-patched-solaris-x86, r-release-windows-ix86+x86_64, r-release-osx-x86_64, r-oldrel-windows-ix86+x86_64, r-oldrel-osx-x86_64

Version: 0.1.6
Check: data for non-ASCII characters
Result: NOTE
     Note: found 2694 marked UTF-8 strings
Flavors: r-devel-linux-x86_64-fedora-clang, r-devel-linux-x86_64-fedora-gcc, r-patched-solaris-x86, r-release-osx-x86_64, r-oldrel-osx-x86_64