CRAN Package Check Results for Package medmod

Last updated on 2018-07-17 01:47:09 CEST.

Flavor Version Tinstall Tcheck Ttotal Status Flags
r-devel-linux-x86_64-debian-clang 1.0.0 4.84 19.94 24.78 OK
r-devel-linux-x86_64-debian-gcc 1.0.0 4.21 16.82 21.03 OK
r-devel-linux-x86_64-fedora-clang 1.0.0 32.95 NOTE
r-devel-linux-x86_64-fedora-gcc 1.0.0 29.25 NOTE
r-devel-windows-ix86+x86_64 1.0.0 10.00 34.00 44.00 OK
r-patched-linux-x86_64 1.0.0 5.17 19.92 25.09 OK
r-patched-solaris-x86 1.0.0 45.20 NOTE
r-release-linux-x86_64 1.0.0 5.59 20.42 26.01 OK
r-release-windows-ix86+x86_64 1.0.0 9.00 47.00 56.00 OK
r-release-osx-x86_64 1.0.0 NOTE
r-oldrel-windows-ix86+x86_64 1.0.0 2.00 50.00 52.00 OK
r-oldrel-osx-x86_64 1.0.0 NOTE

Check Details

Version: 1.0.0
Check: dependencies in R code
Result: NOTE
    Namespaces in Imports field not imported from:
     ‘R6’ ‘ggplot2’ ‘lavaan’
     All declared Imports should be used.
Flavors: r-devel-linux-x86_64-fedora-clang, r-devel-linux-x86_64-fedora-gcc, r-patched-solaris-x86, r-release-osx-x86_64, r-oldrel-osx-x86_64