CRAN Package Check Results for Package memapp

Last updated on 2018-07-17 01:47:09 CEST.

Flavor Version Tinstall Tcheck Ttotal Status Flags
r-devel-linux-x86_64-debian-clang 2.10 1.17 24.07 25.24 OK
r-devel-linux-x86_64-debian-gcc 2.10 1.34 20.66 22.00 OK
r-devel-linux-x86_64-fedora-clang 2.10 31.84 NOTE
r-devel-linux-x86_64-fedora-gcc 2.10 30.95 NOTE
r-devel-windows-ix86+x86_64 2.10 9.00 70.00 79.00 OK
r-patched-linux-x86_64 2.10 1.53 23.80 25.33 OK
r-patched-solaris-x86 2.10 49.90 NOTE
r-release-linux-x86_64 2.10 1.56 23.59 25.15 OK
r-release-windows-ix86+x86_64 2.10 6.00 36.00 42.00 OK
r-release-osx-x86_64 2.10 NOTE
r-oldrel-windows-ix86+x86_64 2.10 6.00 66.00 72.00 OK
r-oldrel-osx-x86_64 2.10 NOTE

Check Details

Version: 2.10
Check: dependencies in R code
Result: NOTE
    Namespaces in Imports field not imported from:
     ‘DT’ ‘RColorBrewer’ ‘RODBC’ ‘dplyr’ ‘foreign’ ‘formattable’ ‘ggplot2’
     ‘haven’ ‘magrittr’ ‘mem’ ‘openxlsx’ ‘plotly’ ‘readxl’ ‘shinyBS’
     ‘shinydashboard’ ‘shinyjs’ ‘shinythemes’ ‘stringi’ ‘stringr’ ‘tidyr’
     All declared Imports should be used.
Flavors: r-devel-linux-x86_64-fedora-clang, r-devel-linux-x86_64-fedora-gcc, r-patched-solaris-x86, r-release-osx-x86_64, r-oldrel-osx-x86_64