CRAN Package Check Results for Package mets

Last updated on 2018-07-17 01:47:09 CEST.

Flavor Version Tinstall Tcheck Ttotal Status Flags
r-devel-linux-x86_64-debian-clang 1.2.3.1 233.91 205.17 439.08 WARN
r-devel-linux-x86_64-debian-gcc 1.2.3.1 194.59 175.71 370.30 OK
r-devel-linux-x86_64-fedora-clang 1.2.3.1 622.97 WARN
r-devel-linux-x86_64-fedora-gcc 1.2.3.1 601.74 OK
r-devel-windows-ix86+x86_64 1.2.3.1 524.00 311.00 835.00 NOTE
r-patched-linux-x86_64 1.2.3.1 229.66 216.37 446.03 OK
r-patched-solaris-x86 1.2.3.1 579.30 NOTE
r-release-linux-x86_64 1.2.3.1 237.71 215.43 453.14 OK
r-release-windows-ix86+x86_64 1.2.3.1 523.00 418.00 941.00 NOTE
r-release-osx-x86_64 1.2.3.1 WARN
r-oldrel-windows-ix86+x86_64 1.2.3.1 380.00 308.00 688.00 NOTE
r-oldrel-osx-x86_64 1.2.3.1 NOTE

Check Details

Version: 1.2.3.1
Check: whether package can be installed
Result: WARN
    Found the following significant warnings:
     binomial-twostage.cpp:78:4: warning: explicitly assigning value of variable of type 'double' to itself [-Wself-assign]
     binomial-twostage.cpp:280:4: warning: explicitly assigning value of variable of type 'double' to itself [-Wself-assign]
Flavors: r-devel-linux-x86_64-debian-clang, r-devel-linux-x86_64-fedora-clang, r-release-osx-x86_64

Version: 1.2.3.1
Check: installed package size
Result: NOTE
     installed size is 20.8Mb
     sub-directories of 1Mb or more:
     doc 1.0Mb
     libs 16.4Mb
     misc 1.1Mb
Flavors: r-devel-linux-x86_64-fedora-clang, r-devel-windows-ix86+x86_64, r-patched-solaris-x86, r-release-windows-ix86+x86_64, r-release-osx-x86_64, r-oldrel-windows-ix86+x86_64, r-oldrel-osx-x86_64