CRAN Package Check Results for Package microplot

Last updated on 2018-07-17 01:47:10 CEST.

Flavor Version Tinstall Tcheck Ttotal Status Flags
r-devel-linux-x86_64-debian-clang 1.0-40 8.37 109.87 118.24 OK
r-devel-linux-x86_64-debian-gcc 1.0-40 8.28 96.71 104.99 WARN
r-devel-linux-x86_64-fedora-clang 1.0-40 154.84 NOTE
r-devel-linux-x86_64-fedora-gcc 1.0-40 149.44 NOTE
r-devel-windows-ix86+x86_64 1.0-40 9.00 6.00 15.00 ERROR
r-patched-linux-x86_64 1.0-40 8.08 99.59 107.67 OK
r-patched-solaris-x86 1.0-40 169.80 NOTE
r-release-linux-x86_64 1.0-40 7.44 101.90 109.34 WARN
r-release-windows-ix86+x86_64 1.0-40 27.00 110.00 137.00 ERROR
r-release-osx-x86_64 1.0-40 NOTE
r-oldrel-windows-ix86+x86_64 1.0-40 28.00 157.00 185.00 OK
r-oldrel-osx-x86_64 1.0-40 NOTE

Check Details

Version: 1.0-40
Check: Rd cross-references
Result: WARN
    Unknown package ‘ReporteRs’ in Rd xrefs
Flavors: r-devel-linux-x86_64-debian-gcc, r-release-linux-x86_64

Version: 1.0-40
Check: dependencies in R code
Result: NOTE
    Namespace in Imports field not imported from: ‘flextable’
     All declared Imports should be used.
Flavors: r-devel-linux-x86_64-fedora-clang, r-devel-linux-x86_64-fedora-gcc, r-patched-solaris-x86, r-release-osx-x86_64, r-oldrel-osx-x86_64

Version: 1.0-40
Check: whether package can be installed
Result: ERROR
    Installation failed.
Flavors: r-devel-windows-ix86+x86_64, r-release-windows-ix86+x86_64

Version: 1.0-40
Check: Rd cross-references
Result: NOTE
    Package unavailable to check Rd xrefs: ‘ReporteRs’
Flavor: r-patched-solaris-x86