CRAN Package Check Results for Package missForest

Last updated on 2018-07-17 01:47:10 CEST.

Flavor Version Tinstall Tcheck Ttotal Status Flags
r-devel-linux-x86_64-debian-clang 1.4 1.55 20.56 22.11 NOTE
r-devel-linux-x86_64-debian-gcc 1.4 1.12 17.83 18.95 NOTE
r-devel-linux-x86_64-fedora-clang 1.4 27.78 NOTE
r-devel-linux-x86_64-fedora-gcc 1.4 26.90 NOTE
r-devel-windows-ix86+x86_64 1.4 5.00 49.00 54.00 NOTE
r-patched-linux-x86_64 1.4 1.51 21.29 22.80 NOTE
r-patched-solaris-x86 1.4 42.90 NOTE
r-release-linux-x86_64 1.4 1.65 21.12 22.77 NOTE
r-release-windows-ix86+x86_64 1.4 5.00 46.00 51.00 NOTE
r-release-osx-x86_64 1.4 NOTE
r-oldrel-windows-ix86+x86_64 1.4 3.00 34.00 37.00 NOTE
r-oldrel-osx-x86_64 1.4 NOTE

Check Details

Version: 1.4
Check: R code for possible problems
Result: NOTE
    missForest: no visible global function definition for ‘predict’
    missForest: no visible global function definition for ‘idiv’
    missForest: no visible global function definition for ‘var’
    nrmse: no visible global function definition for ‘var’
    Undefined global functions or variables:
     idiv predict var
    Consider adding
     importFrom("stats", "predict", "var")
    to your NAMESPACE file.
Flavors: r-devel-linux-x86_64-debian-clang, r-devel-linux-x86_64-debian-gcc, r-devel-linux-x86_64-fedora-clang, r-devel-linux-x86_64-fedora-gcc, r-devel-windows-ix86+x86_64, r-patched-linux-x86_64, r-patched-solaris-x86, r-release-linux-x86_64, r-release-windows-ix86+x86_64, r-release-osx-x86_64, r-oldrel-windows-ix86+x86_64, r-oldrel-osx-x86_64