CRAN Package Check Results for Package mlapi

Last updated on 2018-07-17 01:47:10 CEST.

Flavor Version Tinstall Tcheck Ttotal Status Flags
r-devel-linux-x86_64-debian-clang 0.1.0 4.35 18.92 23.27 OK
r-devel-linux-x86_64-debian-gcc 0.1.0 2.77 17.30 20.07 OK
r-devel-linux-x86_64-fedora-clang 0.1.0 29.98 NOTE
r-devel-linux-x86_64-fedora-gcc 0.1.0 28.99 NOTE
r-devel-windows-ix86+x86_64 0.1.0 8.00 31.00 39.00 OK
r-patched-linux-x86_64 0.1.0 2.99 20.23 23.22 OK
r-patched-solaris-x86 0.1.0 45.00 NOTE
r-release-linux-x86_64 0.1.0 4.10 20.35 24.45 OK
r-release-windows-ix86+x86_64 0.1.0 8.00 48.00 56.00 OK
r-release-osx-x86_64 0.1.0 NOTE
r-oldrel-windows-ix86+x86_64 0.1.0 3.00 52.00 55.00 OK
r-oldrel-osx-x86_64 0.1.0 NOTE

Check Details

Version: 0.1.0
Check: dependencies in R code
Result: NOTE
    Namespaces in Imports field not imported from:
     ‘Matrix’ ‘R6’
     All declared Imports should be used.
Flavors: r-devel-linux-x86_64-fedora-clang, r-devel-linux-x86_64-fedora-gcc, r-patched-solaris-x86, r-release-osx-x86_64, r-oldrel-osx-x86_64