CRAN Package Check Results for Package mma

Last updated on 2018-07-17 01:47:10 CEST.

Flavor Version Tinstall Tcheck Ttotal Status Flags
r-devel-linux-x86_64-debian-clang 6.1-0 15.00 110.83 125.83 OK
r-devel-linux-x86_64-debian-gcc 6.1-0 11.94 97.57 109.51 OK
r-devel-linux-x86_64-fedora-clang 6.1-0 165.22 NOTE
r-devel-linux-x86_64-fedora-gcc 6.1-0 162.96 NOTE
r-devel-windows-ix86+x86_64 6.1-0 30.00 120.00 150.00 OK
r-patched-linux-x86_64 6.1-0 14.65 114.66 129.31 OK
r-patched-solaris-x86 6.1-0 220.00 NOTE
r-release-linux-x86_64 6.1-0 11.89 115.93 127.82 OK
r-release-windows-ix86+x86_64 6.1-0 31.00 167.00 198.00 OK
r-release-osx-x86_64 6.1-0 NOTE
r-oldrel-windows-ix86+x86_64 6.1-0 10.00 117.00 127.00 OK
r-oldrel-osx-x86_64 6.1-0 NOTE

Check Details

Version: 6.1-0
Check: dependencies in R code
Result: NOTE
    Namespace in Imports field not imported from: ‘plotrix’
     All declared Imports should be used.
Flavors: r-devel-linux-x86_64-fedora-clang, r-devel-linux-x86_64-fedora-gcc, r-patched-solaris-x86, r-release-osx-x86_64, r-oldrel-osx-x86_64