CRAN Package Check Results for Package mnreadR

Last updated on 2018-07-17 01:47:10 CEST.

Flavor Version Tinstall Tcheck Ttotal Status Flags
r-devel-linux-x86_64-debian-clang 2.1.0 3.89 45.94 49.83 OK
r-devel-linux-x86_64-debian-gcc 2.1.0 3.60 37.97 41.57 OK
r-devel-linux-x86_64-fedora-clang 2.1.0 61.42 OK
r-devel-linux-x86_64-fedora-gcc 2.1.0 61.04 OK
r-devel-windows-ix86+x86_64 2.1.0 11.00 56.00 67.00 OK
r-patched-linux-x86_64 2.1.0 3.82 45.19 49.01 OK
r-patched-solaris-x86 2.1.0 76.70 OK
r-release-linux-x86_64 2.1.0 3.14 45.78 48.92 OK
r-release-windows-ix86+x86_64 2.1.0 12.00 59.00 71.00 OK
r-release-osx-x86_64 2.1.0 WARN
r-oldrel-windows-ix86+x86_64 2.1.0 7.00 65.00 72.00 OK
r-oldrel-osx-x86_64 2.1.0 OK

Check Details

Version: 2.1.0
Check: whether package can be installed
Result: WARN
    Found the following significant warnings:
     Warning: package ‘dplyr’ was built under R version 3.5.1
Flavor: r-release-osx-x86_64